{"id":9868,"date":"2021-07-25T11:14:28","date_gmt":"2021-07-25T11:14:28","guid":{"rendered":"https:\/\/ecologicalfarming.ma\/?post_type=product&#038;p=9868"},"modified":"2021-07-25T12:22:38","modified_gmt":"2021-07-25T12:22:38","slug":"%e2%80%a2-suesser-papikapulverweight-50gr","status":"publish","type":"product","link":"https:\/\/ecologicalfarming.ma\/?product=%e2%80%a2-suesser-papikapulverweight-50gr","title":{"rendered":"<br><span style=\"color: #ff6950;\">\u2022 S\u00dcSSER PAPIKAPULVER<br><br><\/span><span style=\"color: #8f6262;\">Weight : 50Gr<\/span>"},"content":{"rendered":"<p><span style=\"color: #fa5558;\"><strong>\u00a0 \u00a0 \u00a0 \u2022<\/strong> 100% SCHARFER CHILIPULVER<\/span><\/p>\n<ul>\n<li>OHNE SALZ<\/li>\n<li>OHNE FARBSTOFFE<\/li>\n<li>OHNE ZUSATZSTOFFE<\/li>\n<li>OHNE KONSERVIERUNGSSTOFFE<\/li>\n<\/ul>\n<p>Unser naturbelassener <span style=\"color: #fa5558;\"><span style=\"color: #8a6265;\">SCHARFER CHILI <\/span><\/span>ist handgepfl\u00fcckt und handverlesen, sonnengetrocknet und auf Bestellung hin frisch und kalt vermahlen.<br \/>\nDieses naturbelassene Produkt in BIOQualit\u00e4t ist ideal zum W\u00fcrzen und Verfeinern von nahezu allen Gerichten. Es eignet sich daher auch f\u00fcr typische Fleisch-, Fisch-, Reis- und Gem\u00fcsegerichte.<\/p>\n","protected":false},"excerpt":{"rendered":"<p>\u00a0 \u00a0 \u00a0 \u2022 100% SCHARFER CHILIPULVER OHNE SALZ OHNE FARBSTOFFE OHNE ZUSATZSTOFFE OHNE KONSERVIERUNGSSTOFFE Unser naturbelassener SCHARFER CHILI ist handgepfl\u00fcckt und handverlesen, sonnengetrocknet und auf Bestellung hin frisch und kalt vermahlen. Dieses naturbelassene Produkt in BIOQualit\u00e4t ist ideal zum W\u00fcrzen und Verfeinern von nahezu allen Gerichten. Es eignet sich daher auch f\u00fcr typische Fleisch-, [&hellip;]<\/p>\n","protected":false},"featured_media":6328,"template":"","meta":[],"product_cat":[621,623],"product_tag":[],"_links":{"self":[{"href":"https:\/\/ecologicalfarming.ma\/index.php?rest_route=\/wp\/v2\/product\/9868"}],"collection":[{"href":"https:\/\/ecologicalfarming.ma\/index.php?rest_route=\/wp\/v2\/product"}],"about":[{"href":"https:\/\/ecologicalfarming.ma\/index.php?rest_route=\/wp\/v2\/types\/product"}],"wp:featuredmedia":[{"embeddable":true,"href":"https:\/\/ecologicalfarming.ma\/index.php?rest_route=\/wp\/v2\/media\/6328"}],"wp:attachment":[{"href":"https:\/\/ecologicalfarming.ma\/index.php?rest_route=%2Fwp%2Fv2%2Fmedia&parent=9868"}],"wp:term":[{"taxonomy":"product_cat","embeddable":true,"href":"https:\/\/ecologicalfarming.ma\/index.php?rest_route=%2Fwp%2Fv2%2Fproduct_cat&post=9868"},{"taxonomy":"product_tag","embeddable":true,"href":"https:\/\/ecologicalfarming.ma\/index.php?rest_route=%2Fwp%2Fv2%2Fproduct_tag&post=9868"}],"curies":[{"name":"wp","href":"https:\/\/api.w.org\/{rel}","templated":true}]}}