{"id":9857,"date":"2021-07-25T09:47:13","date_gmt":"2021-07-25T09:47:13","guid":{"rendered":"https:\/\/ecologicalfarming.ma\/?post_type=product&#038;p=9857"},"modified":"2021-07-25T12:19:04","modified_gmt":"2021-07-25T12:19:04","slug":"%e2%80%a2-ras-el-hanout-fishweight-50gr","status":"publish","type":"product","link":"https:\/\/ecologicalfarming.ma\/?product=%e2%80%a2-ras-el-hanout-fishweight-50gr","title":{"rendered":"<br><span style=\"color: #ff6950;\">\u2022 RAS EL HANOUT FISH<br><br><\/span><span style=\"color: #8f6262;\">Weight : 50Gr<\/span>"},"content":{"rendered":"<p><span style=\"color: #fa5558;\"><strong>\u00a0 \u00a0 \u00a0\u2022<\/strong> RAS EL HANOUT <span style=\"color: #8a6265;\">FISCH<\/span><\/span><\/p>\n<ul>\n<li>OHNE SALZ<\/li>\n<li>OHNE FARBSTOFFE<\/li>\n<li>OHNE ZUSATZSTOFFE<\/li>\n<li>OHNE KONSERVIERUNGSSTOFFE<\/li>\n<\/ul>\n<p>Unser <span style=\"color: #fa5558;\"><span style=\"color: #8a6265;\">RAS EL HANOUT FISCH <\/span><\/span>ist ein Produkt aus Marokkanischen Gew\u00fcrzen, handgepfl\u00fcckt und handverlesen, sonnengetrocknet und auf Bestellung hin frisch und kalt vermahlen.<br \/>\nDieses naturbelassene Produkt in BIO-Qualit\u00e4t ist ideal zum W\u00fcrzen und Verfeinern von k\u00f6stlichen Fisch-Gerichten.<\/p>\n","protected":false},"excerpt":{"rendered":"<p>\u00a0 \u00a0 \u00a0\u2022 RAS EL HANOUT FISCH OHNE SALZ OHNE FARBSTOFFE OHNE ZUSATZSTOFFE OHNE KONSERVIERUNGSSTOFFE Unser RAS EL HANOUT FISCH ist ein Produkt aus Marokkanischen Gew\u00fcrzen, handgepfl\u00fcckt und handverlesen, sonnengetrocknet und auf Bestellung hin frisch und kalt vermahlen. Dieses naturbelassene Produkt in BIO-Qualit\u00e4t ist ideal zum W\u00fcrzen und Verfeinern von k\u00f6stlichen Fisch-Gerichten.<\/p>\n","protected":false},"featured_media":9767,"template":"","meta":[],"product_cat":[621,622],"product_tag":[],"_links":{"self":[{"href":"https:\/\/ecologicalfarming.ma\/index.php?rest_route=\/wp\/v2\/product\/9857"}],"collection":[{"href":"https:\/\/ecologicalfarming.ma\/index.php?rest_route=\/wp\/v2\/product"}],"about":[{"href":"https:\/\/ecologicalfarming.ma\/index.php?rest_route=\/wp\/v2\/types\/product"}],"wp:featuredmedia":[{"embeddable":true,"href":"https:\/\/ecologicalfarming.ma\/index.php?rest_route=\/wp\/v2\/media\/9767"}],"wp:attachment":[{"href":"https:\/\/ecologicalfarming.ma\/index.php?rest_route=%2Fwp%2Fv2%2Fmedia&parent=9857"}],"wp:term":[{"taxonomy":"product_cat","embeddable":true,"href":"https:\/\/ecologicalfarming.ma\/index.php?rest_route=%2Fwp%2Fv2%2Fproduct_cat&post=9857"},{"taxonomy":"product_tag","embeddable":true,"href":"https:\/\/ecologicalfarming.ma\/index.php?rest_route=%2Fwp%2Fv2%2Fproduct_tag&post=9857"}],"curies":[{"name":"wp","href":"https:\/\/api.w.org\/{rel}","templated":true}]}}