{"id":9283,"date":"2021-06-21T09:34:45","date_gmt":"2021-06-21T09:34:45","guid":{"rendered":"https:\/\/ecologicalfarming.ma\/?post_type=product&#038;p=9283"},"modified":"2024-10-08T22:45:26","modified_gmt":"2024-10-08T22:45:26","slug":"100ml-eau-de-fleur-de-rose","status":"publish","type":"product","link":"https:\/\/ecologicalfarming.ma\/?product=100ml-eau-de-fleur-de-rose","title":{"rendered":"<\/span> <span style=\"color: #ff00a6;\"><p>EAU DE FLEUR DE ROSE<\/p><\/span> <span style=\"color: #944a4f;\">Poids : 100ml<\/span>"},"content":{"rendered":"<p><span style=\"color: #470796;\">EAU FLORAL\u00a0 :<\/span> <span style=\"color: #ff00a6;\">\u00c0 BASE DE NOS FLEURS DE ROSE POUR UN SOIN NATUREL SANS\u00a0\u00a0\u00a0 AUCUNE SUBSTANCE SYNTH\u00c9TIQUE<\/span><\/p>\n<ul>\n<li>100% NATUREL<\/li>\n<li>VEGAN<\/li>\n<li>SANS ADDITIFS<\/li>\n<li>SANS CONSERVATEURS<\/li>\n<\/ul>\n<p>En choisissant l&#8217;eau de fleur de rose provenant de notre coop\u00e9rative, vous \u00eates s\u00fbr d\u2019obtenir \u00a0 \u00a0 \u00a0 un produit authentique particuli\u00e8rement haut de gamme\u00a0 faite maison sont purement\u00a0\u00a0\u00a0\u00a0\u00a0\u00a0\u00a0\u00a0\u00a0\u00a0\u00a0\u00a0 naturelles et fraichement pr\u00e9par\u00e9es sur commande. Elle est id\u00e9ale pour tonifier la peau, la rafra\u00eechir et l\u2019hydrater. Elle est recommand\u00e9 apr\u00e8s un soin ou un masque pour apaiser la \u00a0 \u00a0 \u00a0 \u00a0 \u00a0\u00a0 peau et la tonifier.<\/p>\n<p>&nbsp;<\/p>\n","protected":false},"excerpt":{"rendered":"<p>EAU FLORAL\u00a0 : \u00c0 BASE DE NOS FLEURS DE ROSE POUR UN SOIN NATUREL SANS\u00a0\u00a0\u00a0 AUCUNE SUBSTANCE SYNTH\u00c9TIQUE 100% NATUREL VEGAN SANS ADDITIFS SANS CONSERVATEURS En choisissant l&#8217;eau de fleur de rose provenant de notre coop\u00e9rative, vous \u00eates s\u00fbr d\u2019obtenir \u00a0 \u00a0 \u00a0 un produit authentique particuli\u00e8rement haut de gamme\u00a0 faite maison sont purement\u00a0\u00a0\u00a0\u00a0\u00a0\u00a0\u00a0\u00a0\u00a0\u00a0\u00a0\u00a0 naturelles [&hellip;]<\/p>\n","protected":false},"featured_media":9284,"template":"","meta":[],"product_cat":[809,558,552,490],"product_tag":[],"_links":{"self":[{"href":"https:\/\/ecologicalfarming.ma\/index.php?rest_route=\/wp\/v2\/product\/9283"}],"collection":[{"href":"https:\/\/ecologicalfarming.ma\/index.php?rest_route=\/wp\/v2\/product"}],"about":[{"href":"https:\/\/ecologicalfarming.ma\/index.php?rest_route=\/wp\/v2\/types\/product"}],"wp:featuredmedia":[{"embeddable":true,"href":"https:\/\/ecologicalfarming.ma\/index.php?rest_route=\/wp\/v2\/media\/9284"}],"wp:attachment":[{"href":"https:\/\/ecologicalfarming.ma\/index.php?rest_route=%2Fwp%2Fv2%2Fmedia&parent=9283"}],"wp:term":[{"taxonomy":"product_cat","embeddable":true,"href":"https:\/\/ecologicalfarming.ma\/index.php?rest_route=%2Fwp%2Fv2%2Fproduct_cat&post=9283"},{"taxonomy":"product_tag","embeddable":true,"href":"https:\/\/ecologicalfarming.ma\/index.php?rest_route=%2Fwp%2Fv2%2Fproduct_tag&post=9283"}],"curies":[{"name":"wp","href":"https:\/\/api.w.org\/{rel}","templated":true}]}}