{"id":9217,"date":"2021-06-05T21:58:59","date_gmt":"2021-06-05T21:58:59","guid":{"rendered":"https:\/\/ecologicalfarming.ma\/?post_type=product&#038;p=9217"},"modified":"2021-07-24T23:55:13","modified_gmt":"2021-07-24T23:55:13","slug":"250-amlou-2-honig-mandeln","status":"publish","type":"product","link":"https:\/\/ecologicalfarming.ma\/?product=250-amlou-2-honig-mandeln","title":{"rendered":"<span style=\"color: #944a4f;\"><p>AMLOU 2<\/span><\/p> <span style=\"color: #ee393c;\"><p>Argan\u00f6l, BIO-Honig und Mandeln<\/span><\/p><span style=\"color: #944a4f;\">Gewicht: 250Gr<\/span>"},"content":{"rendered":"<p><strong><span style=\"color: #944a4f;\">AMLOU 2<\/span>\u00a0:<\/strong> <span style=\"color: #ee393c;\">ARGAN\u00d6L, BIO-HONIG UND MANDELN<\/span><\/p>\n<ul>\n<li>OHNE ZUCKER<\/li>\n<li>OHNE ZUSATZSTOFFE<\/li>\n<li>OHNE KONSERVIERUNGSSTOFFE<\/li>\n<\/ul>\n<p>Unser <span style=\"color: #944a4f;\">AMLOU 2<\/span>\u00a0ist eine Kreation auf Basis von <span style=\"color: #944a4f;\">Argan\u00f6l, BIO-Honig und Mandeln <span style=\"color: #333333;\">mit purem und nat\u00fcrlichem Geschmack<\/span><\/span><span style=\"color: #333333;\">.<\/span><br \/>\nBekannt f\u00fcr seine gesunden Eigenschaften, Amlou ist hervorragend zum Fr\u00fchst\u00fcck oder als St\u00e4rkung zwischendurch.<br \/>\nWir empfehlen Ihnen, Amlou vor Gebrauch gut umzur\u00fchren, bis Sie eine homogene Konsistenz erhalten.<\/p>\n","protected":false},"excerpt":{"rendered":"<p>AMLOU 2\u00a0: ARGAN\u00d6L, BIO-HONIG UND MANDELN OHNE ZUCKER OHNE ZUSATZSTOFFE OHNE KONSERVIERUNGSSTOFFE Unser AMLOU 2\u00a0ist eine Kreation auf Basis von Argan\u00f6l, BIO-Honig und Mandeln mit purem und nat\u00fcrlichem Geschmack. Bekannt f\u00fcr seine gesunden Eigenschaften, Amlou ist hervorragend zum Fr\u00fchst\u00fcck oder als St\u00e4rkung zwischendurch. Wir empfehlen Ihnen, Amlou vor Gebrauch gut umzur\u00fchren, bis Sie eine homogene [&hellip;]<\/p>\n","protected":false},"featured_media":6836,"template":"","meta":[],"product_cat":[625,611],"product_tag":[],"_links":{"self":[{"href":"https:\/\/ecologicalfarming.ma\/index.php?rest_route=\/wp\/v2\/product\/9217"}],"collection":[{"href":"https:\/\/ecologicalfarming.ma\/index.php?rest_route=\/wp\/v2\/product"}],"about":[{"href":"https:\/\/ecologicalfarming.ma\/index.php?rest_route=\/wp\/v2\/types\/product"}],"wp:featuredmedia":[{"embeddable":true,"href":"https:\/\/ecologicalfarming.ma\/index.php?rest_route=\/wp\/v2\/media\/6836"}],"wp:attachment":[{"href":"https:\/\/ecologicalfarming.ma\/index.php?rest_route=%2Fwp%2Fv2%2Fmedia&parent=9217"}],"wp:term":[{"taxonomy":"product_cat","embeddable":true,"href":"https:\/\/ecologicalfarming.ma\/index.php?rest_route=%2Fwp%2Fv2%2Fproduct_cat&post=9217"},{"taxonomy":"product_tag","embeddable":true,"href":"https:\/\/ecologicalfarming.ma\/index.php?rest_route=%2Fwp%2Fv2%2Fproduct_tag&post=9217"}],"curies":[{"name":"wp","href":"https:\/\/api.w.org\/{rel}","templated":true}]}}