{"id":9128,"date":"2021-05-30T21:19:37","date_gmt":"2021-05-30T21:19:37","guid":{"rendered":"https:\/\/ecologicalfarming.ma\/?post_type=product&#038;p=9128"},"modified":"2021-05-30T23:22:11","modified_gmt":"2021-05-30T23:22:11","slug":"250ml-bio-arganoel","status":"publish","type":"product","link":"https:\/\/ecologicalfarming.ma\/?product=250ml-bio-arganoel","title":{"rendered":"<br><span style=\"color: #fa5558;\">\u2022 BIO-ARGAN\u00d6L<br><br><\/span><span style=\"color: #8a6265;\">\u2022 Volumen : 250ml<\/span>"},"content":{"rendered":"<p><span style=\"color: #fa5558;\">\u2022 BIO-ARGAN\u00d6L <span style=\"color: #8a6265;\">Natives kaltgepresstes Argan\u00f6l der ersten G\u00fcteklasse<br \/>\n<\/span><\/span><\/p>\n<ul>\n<li>100% BIO<\/li>\n<li>100% REIN<\/li>\n<li>NICHT RAFFINIERT<\/li>\n<li>NICHT DESODORIERT<\/li>\n<\/ul>\n<p>Unser <span style=\"color: #fa5558;\"><span style=\"color: #8a6265;\">BIO-ARGAN\u00d6L <\/span><\/span>ist ein natives kaltgepresstes Speise\u00f6l der ersten G\u00fcterklasse, welches wir zu 100% aus reinen Argann\u00fcssen gewonnen und weder raffiniert noch desodoriert haben.<br \/>\nDieses hochwertige und zugleich ern\u00e4hrungsphysiologisch wertvolle \u00d6l vertr\u00e4gt die Hitze schlecht und sollte daher besser zum verfeinern von Fleischgerichten und mediterranem Gem\u00fcse, f\u00fcr k\u00f6stliche Salatdressings oder zur Zubereitung von leckeren Dips f\u00fcr Rohkost verwendet werden.<\/p>\n","protected":false},"excerpt":{"rendered":"<p>\u2022 BIO-ARGAN\u00d6L Natives kaltgepresstes Argan\u00f6l der ersten G\u00fcteklasse 100% BIO 100% REIN NICHT RAFFINIERT NICHT DESODORIERT Unser BIO-ARGAN\u00d6L ist ein natives kaltgepresstes Speise\u00f6l der ersten G\u00fcterklasse, welches wir zu 100% aus reinen Argann\u00fcssen gewonnen und weder raffiniert noch desodoriert haben. Dieses hochwertige und zugleich ern\u00e4hrungsphysiologisch wertvolle \u00d6l vertr\u00e4gt die Hitze schlecht und sollte daher besser [&hellip;]<\/p>\n","protected":false},"featured_media":6270,"template":"","meta":[],"product_cat":[615,613],"product_tag":[],"_links":{"self":[{"href":"https:\/\/ecologicalfarming.ma\/index.php?rest_route=\/wp\/v2\/product\/9128"}],"collection":[{"href":"https:\/\/ecologicalfarming.ma\/index.php?rest_route=\/wp\/v2\/product"}],"about":[{"href":"https:\/\/ecologicalfarming.ma\/index.php?rest_route=\/wp\/v2\/types\/product"}],"wp:featuredmedia":[{"embeddable":true,"href":"https:\/\/ecologicalfarming.ma\/index.php?rest_route=\/wp\/v2\/media\/6270"}],"wp:attachment":[{"href":"https:\/\/ecologicalfarming.ma\/index.php?rest_route=%2Fwp%2Fv2%2Fmedia&parent=9128"}],"wp:term":[{"taxonomy":"product_cat","embeddable":true,"href":"https:\/\/ecologicalfarming.ma\/index.php?rest_route=%2Fwp%2Fv2%2Fproduct_cat&post=9128"},{"taxonomy":"product_tag","embeddable":true,"href":"https:\/\/ecologicalfarming.ma\/index.php?rest_route=%2Fwp%2Fv2%2Fproduct_tag&post=9128"}],"curies":[{"name":"wp","href":"https:\/\/api.w.org\/{rel}","templated":true}]}}