{"id":8535,"date":"2021-05-02T12:37:33","date_gmt":"2021-05-02T12:37:33","guid":{"rendered":"https:\/\/ecologicalfarming.ma\/?post_type=product&#038;p=8535"},"modified":"2021-05-03T17:25:17","modified_gmt":"2021-05-03T17:25:17","slug":"%e2%99%a6-gewicht-250gr%e2%99%a6broteinriegel-5","status":"publish","type":"product","link":"https:\/\/ecologicalfarming.ma\/?product=%e2%99%a6-gewicht-250gr%e2%99%a6broteinriegel-5","title":{"rendered":"<span style=\"color: #944a4f;\">\u2666 Poids : 250Gr<\/span><br><span style=\"color: #ee393c;\">\u2666 BROTEINRIEGEL 5\u00a0<\/span>"},"content":{"rendered":"<p><span style=\"color: #944a4f;\">\u2022 PROTEINRIEGEL 5 <span style=\"color: #ee393c;\">: HAFERFLOCKEN, SESAM, ANIS, LEINSAMEN UND BIO-HONIG\u00a0<\/span><\/span><\/p>\n<ul>\n<li>OHNE ZUCKER<\/li>\n<li>OHNE ZUSATSSTOFFE<\/li>\n<li>OHNE KONSERVIERUNGSSTOFFE<\/li>\n<\/ul>\n<p>Unser <span style=\"color: #944a4f;\">PROTEINRIEGEL 5 <\/span>ist \u00a0eine zuckerfreie kreation auf basis von haferflocken, sesam, anis, leinsamen und BIO-Honig mit purem und nat\u00fcrlichem geschmack.<br \/>\nDieser Snack ist reich an hochwertigen Proteinen, komplexen Kohlenhydraten, essentiellen Fetts\u00e4uren und Mineralien und eignet sich daher f\u00fcr eine gesunde ern\u00e4hrungsweise oder als Sportlernahrung.<\/p>\n","protected":false},"excerpt":{"rendered":"<p>\u2022 PROTEINRIEGEL 5 : HAFERFLOCKEN, SESAM, ANIS, LEINSAMEN UND BIO-HONIG\u00a0 OHNE ZUCKER OHNE ZUSATSSTOFFE OHNE KONSERVIERUNGSSTOFFE Unser PROTEINRIEGEL 5 ist \u00a0eine zuckerfreie kreation auf basis von haferflocken, sesam, anis, leinsamen und BIO-Honig mit purem und nat\u00fcrlichem geschmack. Dieser Snack ist reich an hochwertigen Proteinen, komplexen Kohlenhydraten, essentiellen Fetts\u00e4uren und Mineralien und eignet sich daher f\u00fcr [&hellip;]<\/p>\n","protected":false},"featured_media":8359,"template":"","meta":[],"product_cat":[633,634],"product_tag":[],"_links":{"self":[{"href":"https:\/\/ecologicalfarming.ma\/index.php?rest_route=\/wp\/v2\/product\/8535"}],"collection":[{"href":"https:\/\/ecologicalfarming.ma\/index.php?rest_route=\/wp\/v2\/product"}],"about":[{"href":"https:\/\/ecologicalfarming.ma\/index.php?rest_route=\/wp\/v2\/types\/product"}],"wp:featuredmedia":[{"embeddable":true,"href":"https:\/\/ecologicalfarming.ma\/index.php?rest_route=\/wp\/v2\/media\/8359"}],"wp:attachment":[{"href":"https:\/\/ecologicalfarming.ma\/index.php?rest_route=%2Fwp%2Fv2%2Fmedia&parent=8535"}],"wp:term":[{"taxonomy":"product_cat","embeddable":true,"href":"https:\/\/ecologicalfarming.ma\/index.php?rest_route=%2Fwp%2Fv2%2Fproduct_cat&post=8535"},{"taxonomy":"product_tag","embeddable":true,"href":"https:\/\/ecologicalfarming.ma\/index.php?rest_route=%2Fwp%2Fv2%2Fproduct_tag&post=8535"}],"curies":[{"name":"wp","href":"https:\/\/api.w.org\/{rel}","templated":true}]}}