{"id":7807,"date":"2021-03-10T21:58:56","date_gmt":"2021-03-10T21:58:56","guid":{"rendered":"https:\/\/ecologicalfarming.ma\/?post_type=product&#038;p=7807"},"modified":"2022-03-04T18:32:31","modified_gmt":"2022-03-04T18:32:31","slug":"15f5-sellou-5","status":"publish","type":"product","link":"https:\/\/ecologicalfarming.ma\/?product=15f5-sellou-5","title":{"rendered":"<\/span> <br><span style=\"color: #ee393c;\">\u2666 SELLOU 5<\/span><br><br><span style=\"color: #944a4f;\">\u2666 Poids : 250Gr<\/span>"},"content":{"rendered":"<p><strong><span style=\"color: #944a4f;\"><strong>SELLOU 5<\/strong> : <span style=\"color: #ee393c;\">MUESLI AUX FRUITS SECS, GRAINES ET FRUITS S\u00c9CH\u00c9S<\/span><\/span><\/strong><\/p>\n<ul>\n<li>SANS SUCRE<\/li>\n<li>SANS HUILES<\/li>\n<li>SANS BEURRE<\/li>\n<li>SANS ADDITIFS<\/li>\n<li>SANS CONSERVATEURS<\/li>\n<\/ul>\n<p><span style=\"color: #944a4f;\">SELLOU 5 <\/span>\u00a0est une cr\u00e9ation \u00e0 base de fruits secs, graines et fruits s\u00e9ch\u00e9s.<\/p>\n<p>Ces ingr\u00e9dients purement naturels et de qualit\u00e9 BIO sont utilis\u00e9s enti\u00e8rement avec leurs pellicules qui les recouvrent et sont en plus non sal\u00e9s ni sucr\u00e9s.<br \/>\nSavourez alors cette recette d\u00e9licieuse et tr\u00e8s saine gr\u00e2ce a sa richesse remarquable en vitamines, min\u00e9raux, antioxydants, phytost\u00e9rols et acides gras insatur\u00e9s ayant une action protectrice sur le syst\u00e8me cardiovasculaire et favorisant le fonctionnement des syst\u00e8mes nerveux et immunitaires.<\/p>\n","protected":false},"excerpt":{"rendered":"<p>&nbsp;<\/p>\n<p>&nbsp;<\/p>\n","protected":false},"featured_media":7814,"template":"","meta":[],"product_cat":[55,591],"product_tag":[],"_links":{"self":[{"href":"https:\/\/ecologicalfarming.ma\/index.php?rest_route=\/wp\/v2\/product\/7807"}],"collection":[{"href":"https:\/\/ecologicalfarming.ma\/index.php?rest_route=\/wp\/v2\/product"}],"about":[{"href":"https:\/\/ecologicalfarming.ma\/index.php?rest_route=\/wp\/v2\/types\/product"}],"wp:featuredmedia":[{"embeddable":true,"href":"https:\/\/ecologicalfarming.ma\/index.php?rest_route=\/wp\/v2\/media\/7814"}],"wp:attachment":[{"href":"https:\/\/ecologicalfarming.ma\/index.php?rest_route=%2Fwp%2Fv2%2Fmedia&parent=7807"}],"wp:term":[{"taxonomy":"product_cat","embeddable":true,"href":"https:\/\/ecologicalfarming.ma\/index.php?rest_route=%2Fwp%2Fv2%2Fproduct_cat&post=7807"},{"taxonomy":"product_tag","embeddable":true,"href":"https:\/\/ecologicalfarming.ma\/index.php?rest_route=%2Fwp%2Fv2%2Fproduct_tag&post=7807"}],"curies":[{"name":"wp","href":"https:\/\/api.w.org\/{rel}","templated":true}]}}