{"id":7797,"date":"2021-03-10T19:43:26","date_gmt":"2021-03-10T19:43:26","guid":{"rendered":"https:\/\/ecologicalfarming.ma\/?post_type=product&#038;p=7797"},"modified":"2021-10-10T19:03:02","modified_gmt":"2021-10-10T19:03:02","slug":"11f1-sellou-1","status":"publish","type":"product","link":"https:\/\/ecologicalfarming.ma\/?product=11f1-sellou-1","title":{"rendered":"<\/span> <br><span style=\"color: #ee393c;\">\u2666 SELLOU 1<\/span><br><br><span style=\"color: #944a4f;\">\u2666 Poids : 250Gr<\/span>"},"content":{"rendered":"<p><span style=\"color: #944a4f;\"><strong>\u2666 SELLOU 1<\/strong> : <span style=\"color: #ee393c;\">ORGE, MILLET, AMANDES ET MIEL BIO<\/span><\/span><\/p>\n<ul>\n<li>SANS SUCRE<\/li>\n<li>SANS HUILES<\/li>\n<li>SANS BEURRE<\/li>\n<li>SANS ADDITIFS<\/li>\n<li>SANS CONSERVATEURS<\/li>\n<\/ul>\n<p><span style=\"color: #944a4f;\">SELLOU 1<\/span> est une cr\u00e9ation \u00e0 base d\u2019orge, millet, amandes et miel BIO.<\/p>\n<p>Ces ingr\u00e9dients purement naturels et de qualit\u00e9 BIO sont utilis\u00e9s enti\u00e8rement avec leurs pellicules qui les recouvrent et sont en plus non sal\u00e9s ni sucr\u00e9s.<\/p>\n<p>Savourez alors cette recette d\u00e9licieuse et tr\u00e8s saine gr\u00e2ce a sa richesse remarquable en vitamines, min\u00e9raux, antioxydants, phytost\u00e9rols et acides gras insatur\u00e9s ayant une action protectrice sur le syst\u00e8me cardiovasculaire et favorisant le fonctionnement des syst\u00e8mes nerveux et immunitaires.<\/p>\n<p>&nbsp;<\/p>\n","protected":false},"excerpt":{"rendered":"<hr \/>\n<p>&nbsp;<\/p>\n","protected":false},"featured_media":7981,"template":"","meta":[],"product_cat":[55,591],"product_tag":[],"_links":{"self":[{"href":"https:\/\/ecologicalfarming.ma\/index.php?rest_route=\/wp\/v2\/product\/7797"}],"collection":[{"href":"https:\/\/ecologicalfarming.ma\/index.php?rest_route=\/wp\/v2\/product"}],"about":[{"href":"https:\/\/ecologicalfarming.ma\/index.php?rest_route=\/wp\/v2\/types\/product"}],"wp:featuredmedia":[{"embeddable":true,"href":"https:\/\/ecologicalfarming.ma\/index.php?rest_route=\/wp\/v2\/media\/7981"}],"wp:attachment":[{"href":"https:\/\/ecologicalfarming.ma\/index.php?rest_route=%2Fwp%2Fv2%2Fmedia&parent=7797"}],"wp:term":[{"taxonomy":"product_cat","embeddable":true,"href":"https:\/\/ecologicalfarming.ma\/index.php?rest_route=%2Fwp%2Fv2%2Fproduct_cat&post=7797"},{"taxonomy":"product_tag","embeddable":true,"href":"https:\/\/ecologicalfarming.ma\/index.php?rest_route=%2Fwp%2Fv2%2Fproduct_tag&post=7797"}],"curies":[{"name":"wp","href":"https:\/\/api.w.org\/{rel}","templated":true}]}}