{"id":7014,"date":"2022-01-25T00:02:40","date_gmt":"2022-01-25T00:02:40","guid":{"rendered":"https:\/\/ecologicalfarming.ma\/?post_type=product&#038;p=7014"},"modified":"2022-01-25T00:02:40","modified_gmt":"2022-01-25T00:02:40","slug":"chabakia","status":"publish","type":"product","link":"https:\/\/ecologicalfarming.ma\/?product=chabakia","title":{"rendered":"CHABAKIA"},"content":{"rendered":"<p>VARI\u00c9T\u00c9S KRICHLATES POIVR\u00c9ES SAL\u00c9ES AUX PLANTES AROMATIQUES \u00e0 l&#8217;Huile d\u2019olive, olives noirs et levure traditionnelle BIO<\/p>\n<ul>\n<li>100% BIO<\/li>\n<li>100% NATUREL<\/li>\n<li>VEGAN<\/li>\n<li>Sans Sucre<\/li>\n<li>Sans Beurre<\/li>\n<li>Sans Lactose<\/li>\n<li>Sans additifs ni Conservateurs<\/li>\n<\/ul>\n<p>&nbsp;<\/p>\n","protected":false},"excerpt":{"rendered":"<p>VARI\u00c9T\u00c9S KRICHLATES POIVR\u00c9ES SAL\u00c9ES AUX PLANTES AROMATIQUES \u00e0 l&#8217;Huile d\u2019olive, olives noirs et levure traditionnelle BIO<\/p>\n","protected":false},"featured_media":0,"template":"","meta":[],"product_cat":[95],"product_tag":[],"_links":{"self":[{"href":"https:\/\/ecologicalfarming.ma\/index.php?rest_route=\/wp\/v2\/product\/7014"}],"collection":[{"href":"https:\/\/ecologicalfarming.ma\/index.php?rest_route=\/wp\/v2\/product"}],"about":[{"href":"https:\/\/ecologicalfarming.ma\/index.php?rest_route=\/wp\/v2\/types\/product"}],"wp:attachment":[{"href":"https:\/\/ecologicalfarming.ma\/index.php?rest_route=%2Fwp%2Fv2%2Fmedia&parent=7014"}],"wp:term":[{"taxonomy":"product_cat","embeddable":true,"href":"https:\/\/ecologicalfarming.ma\/index.php?rest_route=%2Fwp%2Fv2%2Fproduct_cat&post=7014"},{"taxonomy":"product_tag","embeddable":true,"href":"https:\/\/ecologicalfarming.ma\/index.php?rest_route=%2Fwp%2Fv2%2Fproduct_tag&post=7014"}],"curies":[{"name":"wp","href":"https:\/\/api.w.org\/{rel}","templated":true}]}}