{"id":6628,"date":"2021-01-05T15:40:15","date_gmt":"2021-01-05T15:40:15","guid":{"rendered":"https:\/\/ecologicalfarming.ma\/?post_type=product&#038;p=6628"},"modified":"2021-07-25T00:10:19","modified_gmt":"2021-07-25T00:10:19","slug":"500ml-bio-olivenoel","status":"publish","type":"product","link":"https:\/\/ecologicalfarming.ma\/?product=500ml-bio-olivenoel","title":{"rendered":"<br><span style=\"color: #fa5558;\">\u2022 BIO-OLIVEN\u00d6L<br><br><\/span><span style=\"color: #8a6265;\">\u2022 Volumen : 500ml<\/span>"},"content":{"rendered":"<p><span style=\"color: #fa5558;\"><span style=\"color: #8a6265;\">\u00a0<\/span><\/span><span style=\"color: #fa5558;\"><strong>\u2022<\/strong> BIO-OLIVEN\u00d6 <span style=\"color: #8a6265;\">Natives kaltgepresstes Oliven\u00f6l der ersten G\u00fcteklasse<\/span><\/span><\/p>\n<ul>\n<li>100% BIO<\/li>\n<li>100% REIN<\/li>\n<li>NICHT RAFFINIERT<\/li>\n<li>NICHT DESODORIERT<\/li>\n<\/ul>\n<p><span style=\"color: #fa5558;\"><span style=\"color: #8a6265;\">Unser BIO-OLIVEN\u00d6L <\/span><\/span>ist ein natives kaltgepresstes Speise\u00f6l der ersten G\u00fcterklasse, welches wir zu 100% aus reinen Olivenfr\u00fcchten gewonnen und weder raffiniert noch desodoriert haben.<br \/>\nDieses kaltgepresste \u00d6l vertr\u00e4gt die Hitze schlecht und sollte daher besser zum verfeinern von Fleischgerichten und mediterranem Gem\u00fcse, f\u00fcr k\u00f6stliche Salatdressings oder zur Zubereitung von leckeren Dips f\u00fcr Rohkost verwendet werden.<\/p>\n","protected":false},"excerpt":{"rendered":"<ul>\n<li>HUILE D\u2019OLIVE EXTRA VIERGE BIO\u00a0 \u00a0 100% BIO\u00a0 100%NATUREL\u00a0 VEGAN<\/li>\n<\/ul>\n<p>&nbsp;<\/p>\n","protected":false},"featured_media":6609,"template":"","meta":[],"product_cat":[614,611,613],"product_tag":[],"_links":{"self":[{"href":"https:\/\/ecologicalfarming.ma\/index.php?rest_route=\/wp\/v2\/product\/6628"}],"collection":[{"href":"https:\/\/ecologicalfarming.ma\/index.php?rest_route=\/wp\/v2\/product"}],"about":[{"href":"https:\/\/ecologicalfarming.ma\/index.php?rest_route=\/wp\/v2\/types\/product"}],"wp:featuredmedia":[{"embeddable":true,"href":"https:\/\/ecologicalfarming.ma\/index.php?rest_route=\/wp\/v2\/media\/6609"}],"wp:attachment":[{"href":"https:\/\/ecologicalfarming.ma\/index.php?rest_route=%2Fwp%2Fv2%2Fmedia&parent=6628"}],"wp:term":[{"taxonomy":"product_cat","embeddable":true,"href":"https:\/\/ecologicalfarming.ma\/index.php?rest_route=%2Fwp%2Fv2%2Fproduct_cat&post=6628"},{"taxonomy":"product_tag","embeddable":true,"href":"https:\/\/ecologicalfarming.ma\/index.php?rest_route=%2Fwp%2Fv2%2Fproduct_tag&post=6628"}],"curies":[{"name":"wp","href":"https:\/\/api.w.org\/{rel}","templated":true}]}}