{"id":5582,"date":"2020-12-10T09:57:07","date_gmt":"2020-12-10T09:57:07","guid":{"rendered":"https:\/\/ecologicalfarming.ma\/?post_type=product&#038;p=5582"},"modified":"2022-03-14T14:24:33","modified_gmt":"2022-03-14T14:24:33","slug":"24c7-poids-200gr-gommage-ghassoul-miel-bio-huile-dargan-bio-plantes-aromatiques-medicinales","status":"publish","type":"product","link":"https:\/\/ecologicalfarming.ma\/?product=24c7-poids-200gr-gommage-ghassoul-miel-bio-huile-dargan-bio-plantes-aromatiques-medicinales","title":{"rendered":"<span style=\"color: #470796;\"><p>GOMMAGE 7<\/p><\/span> <span style=\"color: #ff00a6;\"><p>GHASSOUL ET HUILE D&#8217;ARGAN BIO<\/p><\/span> <span style=\"color: #944a4f;\">Poids : 200Gr<\/span>"},"content":{"rendered":"<p><span style=\"color: #850da3;\">GOMMAGE 7 :<\/span> <span style=\"color: #fb068b;\">GOMMAGE GHASSOUL<\/span><\/p>\n<ul>\n<li>GHASSOUL<\/li>\n<li>MIEL BIO<\/li>\n<li>HUILE D\u2019ARGAN BIO<\/li>\n<li>PLANTES AROMATIQUES ET M\u00c9DICINALES<\/li>\n<\/ul>\n<p>\u2666 SANS ADDITIFS<br \/>\n\u2666 SANS CONSERVATEURS<\/p>\n<p>Notre <span style=\"color: #850da3;\">GOMMAGE CAF\u00c9\u00a0<\/span>\u00e0 base<span style=\"color: #470796;\"><span style=\"color: #fb068b;\"> ghassoul, miel BIO, huile d\u2019argan BIO et plantes aromatiques et m\u00e9dicinales <\/span><\/span>est fra\u00eechement produit sur commande sans aucune substance synth\u00e9tique, sans colorants, sans additifs et sans conservateurs.<br \/>\nCe produit 100% pur et naturel vous permet un soin vraiment sain et durable de votre peau.<\/p>\n<p>&nbsp;<\/p>\n","protected":false},"excerpt":{"rendered":"<p>GOMMAGE 7 : GOMMAGE GHASSOUL GHASSOUL MIEL BIO HUILE D\u2019ARGAN BIO PLANTES AROMATIQUES ET M\u00c9DICINALES \u2666 SANS ADDITIFS \u2666 SANS CONSERVATEURS Notre GOMMAGE CAF\u00c9\u00a0\u00e0 base ghassoul, miel BIO, huile d\u2019argan BIO et plantes aromatiques et m\u00e9dicinales est fra\u00eechement produit sur commande sans aucune substance synth\u00e9tique, sans colorants, sans additifs et sans conservateurs. Ce produit 100% [&hellip;]<\/p>\n","protected":false},"featured_media":9948,"template":"","meta":[],"product_cat":[834,40,490],"product_tag":[],"_links":{"self":[{"href":"https:\/\/ecologicalfarming.ma\/index.php?rest_route=\/wp\/v2\/product\/5582"}],"collection":[{"href":"https:\/\/ecologicalfarming.ma\/index.php?rest_route=\/wp\/v2\/product"}],"about":[{"href":"https:\/\/ecologicalfarming.ma\/index.php?rest_route=\/wp\/v2\/types\/product"}],"wp:featuredmedia":[{"embeddable":true,"href":"https:\/\/ecologicalfarming.ma\/index.php?rest_route=\/wp\/v2\/media\/9948"}],"wp:attachment":[{"href":"https:\/\/ecologicalfarming.ma\/index.php?rest_route=%2Fwp%2Fv2%2Fmedia&parent=5582"}],"wp:term":[{"taxonomy":"product_cat","embeddable":true,"href":"https:\/\/ecologicalfarming.ma\/index.php?rest_route=%2Fwp%2Fv2%2Fproduct_cat&post=5582"},{"taxonomy":"product_tag","embeddable":true,"href":"https:\/\/ecologicalfarming.ma\/index.php?rest_route=%2Fwp%2Fv2%2Fproduct_tag&post=5582"}],"curies":[{"name":"wp","href":"https:\/\/api.w.org\/{rel}","templated":true}]}}