{"id":5574,"date":"2020-12-10T01:03:35","date_gmt":"2020-12-10T01:03:35","guid":{"rendered":"https:\/\/ecologicalfarming.ma\/?post_type=product&#038;p=5574"},"modified":"2021-09-23T06:50:43","modified_gmt":"2021-09-23T06:50:43","slug":"24c6-poids-200gr-gommage-sucre-a-lhuile-de-coco","status":"publish","type":"product","link":"https:\/\/ecologicalfarming.ma\/?product=24c6-poids-200gr-gommage-sucre-a-lhuile-de-coco","title":{"rendered":"<span style=\"color: #470796;\"><p>GOMMAGE 6<\/p><\/span> <span style=\"color: #ff00a6;\"><p>NOIX ET HUILE DE COCO<\/p><\/span> <span style=\"color: #944a4f;\">Poids : 200Gr<\/span>"},"content":{"rendered":"<p><span style=\"color: #850da3;\">GOMMAGE 6:<\/span> <span style=\"color: #fb068b;\">GOMMAGE COCO<\/span><\/p>\n<ul>\n<li>SAVON NATUREL FAIT \u00c0 LA MAIN<\/li>\n<li>HUILE DE COCO BIO<\/li>\n<li>SUCRE<\/li>\n<\/ul>\n<p>\u2666 SANS ADDITIFS<br \/>\n\u2666 SANS CONSERVATEURS<\/p>\n<p>Notre <span style=\"color: #850da3;\">GOMMAGE COCO <\/span>\u00e0 base <span style=\"color: #470796;\"><span style=\"color: #fb068b;\">de savon naturel fait \u00e0 la main, huile de coco BIO et sucre <\/span><\/span>est fra\u00eechement produit sur commande sans aucune substance synth\u00e9tique, sans colorants, sans additifs et sans conservateurs.<br \/>\nCe produit 100% pur et naturel vous permet un soin vraiment sain et durable de votre peau.<\/p>\n<p>&nbsp;<\/p>\n","protected":false},"excerpt":{"rendered":"<p>GOMMAGE 6: GOMMAGE COCO SAVON NATUREL FAIT \u00c0 LA MAIN HUILE DE COCO BIO SUCRE \u2666 SANS ADDITIFS \u2666 SANS CONSERVATEURS Notre GOMMAGE COCO \u00e0 base de savon naturel fait \u00e0 la main, huile de coco BIO et sucre est fra\u00eechement produit sur commande sans aucune substance synth\u00e9tique, sans colorants, sans additifs et sans conservateurs. [&hellip;]<\/p>\n","protected":false},"featured_media":9942,"template":"","meta":[],"product_cat":[834],"product_tag":[],"_links":{"self":[{"href":"https:\/\/ecologicalfarming.ma\/index.php?rest_route=\/wp\/v2\/product\/5574"}],"collection":[{"href":"https:\/\/ecologicalfarming.ma\/index.php?rest_route=\/wp\/v2\/product"}],"about":[{"href":"https:\/\/ecologicalfarming.ma\/index.php?rest_route=\/wp\/v2\/types\/product"}],"wp:featuredmedia":[{"embeddable":true,"href":"https:\/\/ecologicalfarming.ma\/index.php?rest_route=\/wp\/v2\/media\/9942"}],"wp:attachment":[{"href":"https:\/\/ecologicalfarming.ma\/index.php?rest_route=%2Fwp%2Fv2%2Fmedia&parent=5574"}],"wp:term":[{"taxonomy":"product_cat","embeddable":true,"href":"https:\/\/ecologicalfarming.ma\/index.php?rest_route=%2Fwp%2Fv2%2Fproduct_cat&post=5574"},{"taxonomy":"product_tag","embeddable":true,"href":"https:\/\/ecologicalfarming.ma\/index.php?rest_route=%2Fwp%2Fv2%2Fproduct_tag&post=5574"}],"curies":[{"name":"wp","href":"https:\/\/api.w.org\/{rel}","templated":true}]}}