{"id":5359,"date":"2021-01-16T12:05:10","date_gmt":"2021-01-16T12:05:10","guid":{"rendered":"https:\/\/ecologicalfarming.ma\/?post_type=product&#038;p=5359"},"modified":"2021-10-11T21:10:14","modified_gmt":"2021-10-11T21:10:14","slug":"200ml-shampoing-naturel-huile-dargan-miel-bio-2","status":"publish","type":"product","link":"https:\/\/ecologicalfarming.ma\/?product=200ml-shampoing-naturel-huile-dargan-miel-bio-2","title":{"rendered":"<br><span style=\"color: #470796;\"><p>SHAMPOING NATUREL 5<\/p><\/span> <span style=\"color: #ff00a6;\"><p>LAVANDE BIO<\/span><\/p> <span style=\"color: #944a4f;\">Volume : 200ml<\/span>"},"content":{"rendered":"<p><span style=\"color: #470796;\">SHAMPOING NATUREL 5 :<\/span> <span style=\"color: #fb068b;\">LAVANDE<\/span><\/p>\n<ul>\n<li>LAVANDE BIO<\/li>\n<li>HUILE DE LAVANDE<\/li>\n<\/ul>\n<p>\u2666 SANS PARABENES<br \/>\n\u2666 MIEL BIO<br \/>\n\u2666 SANS PARABENES<\/p>\n<p><span style=\"color: #470796;\"><span style=\"color: #333333;\">Notre<\/span> SHAMPOING NATUREL 5<span style=\"color: #333333;\">\u00a0\u00e0 base<\/span><\/span><span style=\"color: #333333;\"> de<\/span><span style=\"color: #470796;\"> <span style=\"color: #fb068b;\">fleur et huile de lavande <\/span><\/span>c&#8217;est fra\u00eechement produit sur commande sans sulfates, sans silicates, sans parab\u00e8nes et sans aditifs ni conservateurs.<br \/>\nCe shampoing purement naturel approvisionne vos cheveux en \u00e9l\u00e9ments nutritifs essentiels et en humidit\u00e9, renforce les racines de vos<br \/>\ncheveux et stimule leur croissance. Vous profitez aussi des propri\u00e9t\u00e9s protectrices et anti-inflammatoires tr\u00e8s puissantes de l\u2019huile d\u2019argan.<\/p>\n","protected":false},"excerpt":{"rendered":"<p>SHAMPOING NATUREL 5 : LAVANDE LAVANDE BIO HUILE DE LAVANDE \u2666 SANS PARABENES \u2666 MIEL BIO \u2666 SANS PARABENES Notre SHAMPOING NATUREL 5\u00a0\u00e0 base de fleur et huile de lavande c&#8217;est fra\u00eechement produit sur commande sans sulfates, sans silicates, sans parab\u00e8nes et sans aditifs ni conservateurs. Ce shampoing purement naturel approvisionne vos cheveux en \u00e9l\u00e9ments [&hellip;]<\/p>\n","protected":false},"featured_media":10679,"template":"","meta":[],"product_cat":[467,464,610],"product_tag":[],"_links":{"self":[{"href":"https:\/\/ecologicalfarming.ma\/index.php?rest_route=\/wp\/v2\/product\/5359"}],"collection":[{"href":"https:\/\/ecologicalfarming.ma\/index.php?rest_route=\/wp\/v2\/product"}],"about":[{"href":"https:\/\/ecologicalfarming.ma\/index.php?rest_route=\/wp\/v2\/types\/product"}],"wp:featuredmedia":[{"embeddable":true,"href":"https:\/\/ecologicalfarming.ma\/index.php?rest_route=\/wp\/v2\/media\/10679"}],"wp:attachment":[{"href":"https:\/\/ecologicalfarming.ma\/index.php?rest_route=%2Fwp%2Fv2%2Fmedia&parent=5359"}],"wp:term":[{"taxonomy":"product_cat","embeddable":true,"href":"https:\/\/ecologicalfarming.ma\/index.php?rest_route=%2Fwp%2Fv2%2Fproduct_cat&post=5359"},{"taxonomy":"product_tag","embeddable":true,"href":"https:\/\/ecologicalfarming.ma\/index.php?rest_route=%2Fwp%2Fv2%2Fproduct_tag&post=5359"}],"curies":[{"name":"wp","href":"https:\/\/api.w.org\/{rel}","templated":true}]}}