{"id":4780,"date":"2020-10-30T22:48:20","date_gmt":"2020-10-30T22:48:20","guid":{"rendered":"https:\/\/ecologicalfarming.ma\/?post_type=product&#038;p=4780"},"modified":"2025-11-22T12:20:23","modified_gmt":"2025-11-22T12:20:23","slug":"60ml-serum-des-huiles-bio","status":"publish","type":"product","link":"https:\/\/ecologicalfarming.ma\/?product=60ml-serum-des-huiles-bio","title":{"rendered":"<br><span style=\"color: #4e07a6;\"><p>HUILE COSM\u00c9TIQUE 8<\/span><\/p><span style=\"color: #ff00a6;\"><p>S\u00c9RUM DES HUILES VISAGE\u00a0<\/span><\/p> <span style=\"color: #944a4f;\">Volume : 60ml<\/span>"},"content":{"rendered":"<p><span style=\"color: #470796;\">HUILE COSM\u00c9TIQUE 8 : <\/span><span style=\"color: #fb068b;\">S\u00c9RUM DES HUILES BIO\u00a0<\/span><\/p>\n<p>\u2666 100% HUILE S\u00c9RUM DES HUILES BIO<br \/>\n\u2666 VISAGE &#8211; CORPS<br \/>\n\u2666 SANS ADDITIFS<br \/>\n\u2666 SANS CONSERVATEURS<\/p>\n<p>Notre <span style=\"color: #470796;\">S\u00c9RUM DES HUILES BIO (VISAGE-CORPS) <\/span>est un v\u00e9ritable \u00e9lixir de beaut\u00e9 100% fait maison et fra\u00eechement pr\u00e9par\u00e9 sur commande \u00e0 base <span style=\"color: #fb068b;\">de nos huiles cosm\u00e9tiques biologiques <span style=\"color: #333333;\">de qualit\u00e9 haut de gamme.<\/span><\/span><br \/>\nCe s\u00e9rum purement naturel nourrit, purifie, et soigne id\u00e9alement votre peau en toutes saisons.<br \/>\nEn plus, ce s\u00e9rum maintient une hydratation durable et favorise la r\u00e9g\u00e9n\u00e9ration cellulaire gr\u00e2ce \u00e0 un taux \u00e9lev\u00e9 en <span style=\"color: #fb068b;\">om\u00e9ga-3 et om\u00e9ga-6 et une richesse en \u00e9l\u00e9ments vitaux <\/span>qui contribuent \u00e0 calmer les br\u00fblures et \u00e0 soulager les irritations de la peau.<br \/>\nVous pouvez l\u00b4appliquer aussi en masque pour votre visage et\/ou votre corps pour nourrir votre peau en profondeur et la rendre beaucoup plus douce.<\/p>\n","protected":false},"excerpt":{"rendered":"<p>HUILE COSM\u00c9TIQUE 8 : S\u00c9RUM DES HUILES BIO\u00a0 \u2666 100% HUILE S\u00c9RUM DES HUILES BIO \u2666 VISAGE &#8211; CORPS \u2666 SANS ADDITIFS \u2666 SANS CONSERVATEURS Notre S\u00c9RUM DES HUILES BIO (VISAGE-CORPS) est un v\u00e9ritable \u00e9lixir de beaut\u00e9 100% fait maison et fra\u00eechement pr\u00e9par\u00e9 sur commande \u00e0 base de nos huiles cosm\u00e9tiques biologiques de qualit\u00e9 haut [&hellip;]<\/p>\n","protected":false},"featured_media":26077,"template":"","meta":[],"product_cat":[552,553,469,468,466,462,710],"product_tag":[],"_links":{"self":[{"href":"https:\/\/ecologicalfarming.ma\/index.php?rest_route=\/wp\/v2\/product\/4780"}],"collection":[{"href":"https:\/\/ecologicalfarming.ma\/index.php?rest_route=\/wp\/v2\/product"}],"about":[{"href":"https:\/\/ecologicalfarming.ma\/index.php?rest_route=\/wp\/v2\/types\/product"}],"wp:featuredmedia":[{"embeddable":true,"href":"https:\/\/ecologicalfarming.ma\/index.php?rest_route=\/wp\/v2\/media\/26077"}],"wp:attachment":[{"href":"https:\/\/ecologicalfarming.ma\/index.php?rest_route=%2Fwp%2Fv2%2Fmedia&parent=4780"}],"wp:term":[{"taxonomy":"product_cat","embeddable":true,"href":"https:\/\/ecologicalfarming.ma\/index.php?rest_route=%2Fwp%2Fv2%2Fproduct_cat&post=4780"},{"taxonomy":"product_tag","embeddable":true,"href":"https:\/\/ecologicalfarming.ma\/index.php?rest_route=%2Fwp%2Fv2%2Fproduct_tag&post=4780"}],"curies":[{"name":"wp","href":"https:\/\/api.w.org\/{rel}","templated":true}]}}