{"id":4629,"date":"2020-10-24T22:58:45","date_gmt":"2020-10-24T22:58:45","guid":{"rendered":"https:\/\/ecologicalfarming.ma\/?post_type=product&#038;p=4629"},"modified":"2022-01-17T18:08:03","modified_gmt":"2022-01-17T18:08:03","slug":"17b3-poids-250gr-praline-de-cacahuete","status":"publish","type":"product","link":"https:\/\/ecologicalfarming.ma\/?product=17b3-poids-250gr-praline-de-cacahuete","title":{"rendered":"<span style=\"color:#bf5944;\"><p>PRALIN\u00c9 3<\/span><\/p> <span style=\"color:#fe2c00;\"><p>Cacahu\u00e8tes et miel de montagne <\/span><\/p> <span style=\"color: #944a4f;\">Poids : 250Gr<\/span>"},"content":{"rendered":"<p><strong><span style=\"color: #944a4f;\">PRALIN\u00c9 3 <\/span>:<\/strong> <span style=\"color: #ff3300;\">CACAHU\u00c8TE ET <span style=\"color: #ee393c;\"><span style=\"color: #fe2c00;\"><span style=\"color: #fc3903;\">MIEL DE MANTAGNE<\/span><\/span><\/span><\/span><\/p>\n<ul>\n<li>100% BIO<\/li>\n<li>100% NATUREL<\/li>\n<li>SANS SUCRE<\/li>\n<li>SANS ADDITIFS<\/li>\n<li>SANS CONSERVATEURS<\/li>\n<\/ul>\n<p>Notre <span style=\"color: #944a4f;\">PRALIN\u00c9 3 <\/span>est une cr\u00e9ation \u00e0 base <span style=\"color: #944a4f;\">du miel de montagne et cacahu\u00e8tes<\/span> et de miel BIO avec une saveur pure et naturelle.<br \/>\nVous pouvez utiliser ce produit pour vos recettes \u00e0 base de pralin\u00e9 (cr\u00e8me ganache, glace, mousse etc.) ou en combinaison avec d\u2019autres ingr\u00e9dients de votre chois pour cr\u00e9er vos p\u00e2tes \u00e0 tartiner maison.<\/p>\n","protected":false},"excerpt":{"rendered":"<p>PRALIN\u00c9 3 : CACAHU\u00c8TE ET MIEL DE MANTAGNE 100% BIO 100% NATUREL SANS SUCRE SANS ADDITIFS SANS CONSERVATEURS Notre PRALIN\u00c9 3 est une cr\u00e9ation \u00e0 base du miel de montagne et cacahu\u00e8tes et de miel BIO avec une saveur pure et naturelle. Vous pouvez utiliser ce produit pour vos recettes \u00e0 base de pralin\u00e9 (cr\u00e8me [&hellip;]<\/p>\n","protected":false},"featured_media":11205,"template":"","meta":[],"product_cat":[460],"product_tag":[],"_links":{"self":[{"href":"https:\/\/ecologicalfarming.ma\/index.php?rest_route=\/wp\/v2\/product\/4629"}],"collection":[{"href":"https:\/\/ecologicalfarming.ma\/index.php?rest_route=\/wp\/v2\/product"}],"about":[{"href":"https:\/\/ecologicalfarming.ma\/index.php?rest_route=\/wp\/v2\/types\/product"}],"wp:featuredmedia":[{"embeddable":true,"href":"https:\/\/ecologicalfarming.ma\/index.php?rest_route=\/wp\/v2\/media\/11205"}],"wp:attachment":[{"href":"https:\/\/ecologicalfarming.ma\/index.php?rest_route=%2Fwp%2Fv2%2Fmedia&parent=4629"}],"wp:term":[{"taxonomy":"product_cat","embeddable":true,"href":"https:\/\/ecologicalfarming.ma\/index.php?rest_route=%2Fwp%2Fv2%2Fproduct_cat&post=4629"},{"taxonomy":"product_tag","embeddable":true,"href":"https:\/\/ecologicalfarming.ma\/index.php?rest_route=%2Fwp%2Fv2%2Fproduct_tag&post=4629"}],"curies":[{"name":"wp","href":"https:\/\/api.w.org\/{rel}","templated":true}]}}