{"id":4387,"date":"2020-10-14T13:39:42","date_gmt":"2020-10-14T13:39:42","guid":{"rendered":"https:\/\/ecologicalfarming.ma\/?post_type=product&#038;p=4387"},"modified":"2025-08-29T15:58:06","modified_gmt":"2025-08-29T15:58:06","slug":"15c3-caroube-seche-moulu","status":"publish","type":"product","link":"https:\/\/ecologicalfarming.ma\/?product=15c3-caroube-seche-moulu","title":{"rendered":"<\/span> <br><span style=\"color: #ee393c;\"> CAROUBE S\u00c9CH\u00c9 MOULU\u00a0<\/span><br><br><span style=\"color: #944a4f;\">\u2666 Poids : 250Gr<\/span>"},"content":{"rendered":"<p><span style=\"color: #944a4f;\"><strong>\u2022\u00a0 FRUITS S\u00c9CH\u00c9S 3 :<\/strong> <span style=\"color: #ee393c;\">CAROUBE S\u00c9CH\u00c9 MOULU <\/span><\/span><\/p>\n<ul>\n<li>SANS SUCRE<\/li>\n<li>SANS HUILES<\/li>\n<li>SANS ADDITIFS<\/li>\n<li>SANS CONSERVATEURS<\/li>\n<\/ul>\n<p>Notre <span style=\"color: #944a4f;\">CAROUBE <\/span>de qualit\u00e9 BIO contient le meilleur des fruits m\u00fbris au soleil, s\u00e9ch\u00e9s naturellement et ensuite moulus avec pr\u00e9caution et convainquent par leur saveur pure et naturelle.<br \/>\nCe produit est appropri\u00e9 par exemple pour le rajouter \u00e0 votre muesli, affiner vos desserts ou faire de la p\u00e2tisserie.<\/p>\n","protected":false},"excerpt":{"rendered":"<p>\u2022\u00a0 FRUITS S\u00c9CH\u00c9S 3 : CAROUBE S\u00c9CH\u00c9 MOULU SANS SUCRE SANS HUILES SANS ADDITIFS SANS CONSERVATEURS Notre CAROUBE de qualit\u00e9 BIO contient le meilleur des fruits m\u00fbris au soleil, s\u00e9ch\u00e9s naturellement et ensuite moulus avec pr\u00e9caution et convainquent par leur saveur pure et naturelle. Ce produit est appropri\u00e9 par exemple pour le rajouter \u00e0 votre [&hellip;]<\/p>\n","protected":false},"featured_media":8157,"template":"","meta":[],"product_cat":[526],"product_tag":[],"_links":{"self":[{"href":"https:\/\/ecologicalfarming.ma\/index.php?rest_route=\/wp\/v2\/product\/4387"}],"collection":[{"href":"https:\/\/ecologicalfarming.ma\/index.php?rest_route=\/wp\/v2\/product"}],"about":[{"href":"https:\/\/ecologicalfarming.ma\/index.php?rest_route=\/wp\/v2\/types\/product"}],"wp:featuredmedia":[{"embeddable":true,"href":"https:\/\/ecologicalfarming.ma\/index.php?rest_route=\/wp\/v2\/media\/8157"}],"wp:attachment":[{"href":"https:\/\/ecologicalfarming.ma\/index.php?rest_route=%2Fwp%2Fv2%2Fmedia&parent=4387"}],"wp:term":[{"taxonomy":"product_cat","embeddable":true,"href":"https:\/\/ecologicalfarming.ma\/index.php?rest_route=%2Fwp%2Fv2%2Fproduct_cat&post=4387"},{"taxonomy":"product_tag","embeddable":true,"href":"https:\/\/ecologicalfarming.ma\/index.php?rest_route=%2Fwp%2Fv2%2Fproduct_tag&post=4387"}],"curies":[{"name":"wp","href":"https:\/\/api.w.org\/{rel}","templated":true}]}}