{"id":4368,"date":"2020-10-14T12:36:46","date_gmt":"2020-10-14T12:36:46","guid":{"rendered":"https:\/\/ecologicalfarming.ma\/?post_type=product&#038;p=4368"},"modified":"2021-07-12T12:21:29","modified_gmt":"2021-07-12T12:21:29","slug":"15c2-dattes-sechees-moulues","status":"publish","type":"product","link":"https:\/\/ecologicalfarming.ma\/?product=15c2-dattes-sechees-moulues","title":{"rendered":"<\/span> <br><span style=\"color: #ee393c;\">DATTES S\u00c9CH\u00c9ES MOULUES<\/span><br><br><span style=\"color: #944a4f;\">\u2666 Poids : 250Gr<\/span>"},"content":{"rendered":"<p><span style=\"color: #944a4f;\"><strong>\u2022\u00a0 FRUITS S\u00c9CH\u00c9S 2<\/strong> :<span style=\"color: #ee393c;\"> DATTES S\u00c9CH\u00c9ES MOULUES<\/span><\/span><\/p>\n<ul>\n<li>SANS SUCRE<\/li>\n<li>SANS HUILES<\/li>\n<li>SANS ADDITIFS<\/li>\n<li>SANS CONSERVATEURS<\/li>\n<\/ul>\n<p>Nos <span style=\"color: #944a4f;\">DATTES <\/span>de qualit\u00e9 BIO contiennent le meilleur des fruits m\u00fbris au soleil, s\u00e9ch\u00e9s naturellement et ensuite moulus avec pr\u00e9caution et convainquent par leur saveur pure et naturelle.<br \/>\nCe produit est appropri\u00e9 par exemple pour le rajouter \u00e0 votre muesli, affiner vos desserts ou faire de la p\u00e2tisserie.<\/p>\n","protected":false},"excerpt":{"rendered":"<p>\u2022\u00a0 FRUITS S\u00c9CH\u00c9S 2 : DATTES S\u00c9CH\u00c9ES MOULUES SANS SUCRE SANS HUILES SANS ADDITIFS SANS CONSERVATEURS Nos DATTES de qualit\u00e9 BIO contiennent le meilleur des fruits m\u00fbris au soleil, s\u00e9ch\u00e9s naturellement et ensuite moulus avec pr\u00e9caution et convainquent par leur saveur pure et naturelle. Ce produit est appropri\u00e9 par exemple pour le rajouter \u00e0 votre [&hellip;]<\/p>\n","protected":false},"featured_media":8131,"template":"","meta":[],"product_cat":[55,526],"product_tag":[],"_links":{"self":[{"href":"https:\/\/ecologicalfarming.ma\/index.php?rest_route=\/wp\/v2\/product\/4368"}],"collection":[{"href":"https:\/\/ecologicalfarming.ma\/index.php?rest_route=\/wp\/v2\/product"}],"about":[{"href":"https:\/\/ecologicalfarming.ma\/index.php?rest_route=\/wp\/v2\/types\/product"}],"wp:featuredmedia":[{"embeddable":true,"href":"https:\/\/ecologicalfarming.ma\/index.php?rest_route=\/wp\/v2\/media\/8131"}],"wp:attachment":[{"href":"https:\/\/ecologicalfarming.ma\/index.php?rest_route=%2Fwp%2Fv2%2Fmedia&parent=4368"}],"wp:term":[{"taxonomy":"product_cat","embeddable":true,"href":"https:\/\/ecologicalfarming.ma\/index.php?rest_route=%2Fwp%2Fv2%2Fproduct_cat&post=4368"},{"taxonomy":"product_tag","embeddable":true,"href":"https:\/\/ecologicalfarming.ma\/index.php?rest_route=%2Fwp%2Fv2%2Fproduct_tag&post=4368"}],"curies":[{"name":"wp","href":"https:\/\/api.w.org\/{rel}","templated":true}]}}