{"id":3132,"date":"2020-08-31T00:53:18","date_gmt":"2020-08-31T00:53:18","guid":{"rendered":"https:\/\/ecologicalfarming.ma\/?post_type=product&#038;p=3132"},"modified":"2024-10-07T13:36:02","modified_gmt":"2024-10-07T13:36:02","slug":"18a11-poids-1gr-safran","status":"publish","type":"product","link":"https:\/\/ecologicalfarming.ma\/?product=18a11-poids-1gr-safran","title":{"rendered":"<br><span style=\"color: #fa5558;\">\u2022SAFRAN PUR<br><br><\/span><span style=\"color: #8a6265;\">\u2022 Poids : 1Gr<\/span>"},"content":{"rendered":"<p><span style=\"color: #fa5558;\">\u2022 100% SAFRAN<\/span><\/p>\n<ul>\n<li>SANS COLORANTS<\/li>\n<li>SANS ADDITIFS<\/li>\n<li>SANS CONSERVATEURS<\/li>\n<\/ul>\n<p>Notre <span style=\"color: #fa5558;\"><span style=\"color: #8a6265;\">SAFRAN <\/span><\/span>caract\u00e9ris\u00e9 par une saveur intense est de culture biologique, cueilli et tri\u00e9 \u00e0 la main et s\u00e9ch\u00e9 au soleil. Le Safran est et id\u00e9al par exemple pour aromatiser vos plats de viande, de poisson ou de l\u00e9gumes.<\/p>\n","protected":false},"excerpt":{"rendered":"<p>\u2022 100% SAFRAN SANS COLORANTS SANS ADDITIFS SANS CONSERVATEURS Notre SAFRAN caract\u00e9ris\u00e9 par une saveur intense est de culture biologique, cueilli et tri\u00e9 \u00e0 la main et s\u00e9ch\u00e9 au soleil. Le Safran est et id\u00e9al par exemple pour aromatiser vos plats de viande, de poisson ou de l\u00e9gumes.<\/p>\n","protected":false},"featured_media":3214,"template":"","meta":[],"product_cat":[600,601],"product_tag":[],"_links":{"self":[{"href":"https:\/\/ecologicalfarming.ma\/index.php?rest_route=\/wp\/v2\/product\/3132"}],"collection":[{"href":"https:\/\/ecologicalfarming.ma\/index.php?rest_route=\/wp\/v2\/product"}],"about":[{"href":"https:\/\/ecologicalfarming.ma\/index.php?rest_route=\/wp\/v2\/types\/product"}],"wp:featuredmedia":[{"embeddable":true,"href":"https:\/\/ecologicalfarming.ma\/index.php?rest_route=\/wp\/v2\/media\/3214"}],"wp:attachment":[{"href":"https:\/\/ecologicalfarming.ma\/index.php?rest_route=%2Fwp%2Fv2%2Fmedia&parent=3132"}],"wp:term":[{"taxonomy":"product_cat","embeddable":true,"href":"https:\/\/ecologicalfarming.ma\/index.php?rest_route=%2Fwp%2Fv2%2Fproduct_cat&post=3132"},{"taxonomy":"product_tag","embeddable":true,"href":"https:\/\/ecologicalfarming.ma\/index.php?rest_route=%2Fwp%2Fv2%2Fproduct_tag&post=3132"}],"curies":[{"name":"wp","href":"https:\/\/api.w.org\/{rel}","templated":true}]}}