{"id":3060,"date":"2020-08-13T14:05:38","date_gmt":"2020-08-13T14:05:38","guid":{"rendered":"https:\/\/ecologicalfarming.ma\/?post_type=product&#038;p=3060"},"modified":"2025-11-22T12:02:38","modified_gmt":"2025-11-22T12:02:38","slug":"60ml-huile-graines-germees","status":"publish","type":"product","link":"https:\/\/ecologicalfarming.ma\/?product=60ml-huile-graines-germees","title":{"rendered":"<br><\/span><\/p><span style=\"color: #ff00a6;\"><p>HUILE DE GRAINES GERM\u00c9ES BIO<\/span><\/p> <span style=\"color: #944a4f;\">Volume : 60ml<\/span>"},"content":{"rendered":"<p><span style=\"color: #470796;\">HUILE COSM\u00c9TIQUE 2 : <\/span><span style=\"color: #fb068b;\">HUILE DE GRAINES GERM\u00c9ES BIO<\/span><\/p>\n<p>\u2666 100% HUILE DE GRAINES GERM\u00c9ES BIO<br \/>\n\u2666 CHEVEUX<br \/>\n\u2666 SANS ADDITIFS<br \/>\n\u2666 SANS CONSERVATEURS<\/p>\n<p>Notre <span style=\"color: #470796;\">HUILE DE GRAINES GERM\u00c9ES BIO<\/span>\u00a0est une huile cosm\u00e9tique 100% faite maison et fra\u00eechement pr\u00e9par\u00e9e sur commande \u00e0 base <span style=\"color: #fb068b;\">de graines germ\u00e9es de culture biologique <span style=\"color: #333333;\">de tr\u00e8s bonne qualit\u00e9.\u00a0\u00a0<\/span><\/span><br \/>\nCe produit purement naturel nourrit, soigne, prot\u00e8ge et r\u00e9g\u00e9n\u00e8re vos cheveux en toutes saisons<\/p>\n<p>&nbsp;<\/p>\n","protected":false},"excerpt":{"rendered":"<p>HUILE COSM\u00c9TIQUE 2 : HUILE DE GRAINES GERM\u00c9ES BIO \u2666 100% HUILE DE GRAINES GERM\u00c9ES BIO \u2666 CHEVEUX \u2666 SANS ADDITIFS \u2666 SANS CONSERVATEURS Notre HUILE DE GRAINES GERM\u00c9ES BIO\u00a0est une huile cosm\u00e9tique 100% faite maison et fra\u00eechement pr\u00e9par\u00e9e sur commande \u00e0 base de graines germ\u00e9es de culture biologique de tr\u00e8s bonne qualit\u00e9.\u00a0\u00a0 Ce produit [&hellip;]<\/p>\n","protected":false},"featured_media":26073,"template":"","meta":[],"product_cat":[553,468,466,710],"product_tag":[],"_links":{"self":[{"href":"https:\/\/ecologicalfarming.ma\/index.php?rest_route=\/wp\/v2\/product\/3060"}],"collection":[{"href":"https:\/\/ecologicalfarming.ma\/index.php?rest_route=\/wp\/v2\/product"}],"about":[{"href":"https:\/\/ecologicalfarming.ma\/index.php?rest_route=\/wp\/v2\/types\/product"}],"wp:featuredmedia":[{"embeddable":true,"href":"https:\/\/ecologicalfarming.ma\/index.php?rest_route=\/wp\/v2\/media\/26073"}],"wp:attachment":[{"href":"https:\/\/ecologicalfarming.ma\/index.php?rest_route=%2Fwp%2Fv2%2Fmedia&parent=3060"}],"wp:term":[{"taxonomy":"product_cat","embeddable":true,"href":"https:\/\/ecologicalfarming.ma\/index.php?rest_route=%2Fwp%2Fv2%2Fproduct_cat&post=3060"},{"taxonomy":"product_tag","embeddable":true,"href":"https:\/\/ecologicalfarming.ma\/index.php?rest_route=%2Fwp%2Fv2%2Fproduct_tag&post=3060"}],"curies":[{"name":"wp","href":"https:\/\/api.w.org\/{rel}","templated":true}]}}