{"id":10969,"date":"2021-12-23T21:59:15","date_gmt":"2021-12-23T21:59:15","guid":{"rendered":"https:\/\/ecologicalfarming.ma\/?post_type=product&#038;p=10969"},"modified":"2022-06-04T16:14:07","modified_gmt":"2022-06-04T16:14:07","slug":"%e2%80%a2berghonig-bio-jujube-honig","status":"publish","type":"product","link":"https:\/\/ecologicalfarming.ma\/?product=%e2%80%a2berghonig-bio-jujube-honig","title":{"rendered":"<br><span style=\"color: #fa5558;\">\u2022 BIO-JUJUBE-HONIG<br><br><\/span><span style=\"color: #8a6265;\">\u2022 Gewicht : 250Gr<\/span>"},"content":{"rendered":"<p><span style=\"color: #944a4f;\">BERGHONIG : <\/span>\u00a0<span style=\"color: #ff6600;\">BIO-JUJUBE-HONIG <\/span><\/p>\n<ul>\n<li>100% BIO-EUPHORBIA HONIG<\/li>\n<\/ul>\n<p>Unser <span style=\"color: #944a4f;\">BERGHONIG<\/span>\u00a0ist ein reiner Sortenhonig aus dem Nektar unserer JujubeB\u00e4ume biologischen Ursprungs mit einem milden und einzigartigen Geschmack.<br \/>\nDieses Naturprodukt ist reich an Vitaminen, Mineralien, wertvollen Enzymen und unges\u00e4ttigten Fetts\u00e4uren.<br \/>\nDabei profitieren Sie nat\u00fcrlich auch von den antioxidativen und entz\u00fcndungshemmenden Eigenschaften dieses Naturprodukts sowie von einer sp\u00fcrbaren Linderung bei Gelenkschmerzen und allergischem Asthma.<\/p>\n<p>&nbsp;<\/p>\n","protected":false},"excerpt":{"rendered":"<p>BERGHONIG : \u00a0BIO-JUJUBE-HONIG 100% BIO-EUPHORBIA HONIG Unser BERGHONIG\u00a0ist ein reiner Sortenhonig aus dem Nektar unserer JujubeB\u00e4ume biologischen Ursprungs mit einem milden und einzigartigen Geschmack. Dieses Naturprodukt ist reich an Vitaminen, Mineralien, wertvollen Enzymen und unges\u00e4ttigten Fetts\u00e4uren. Dabei profitieren Sie nat\u00fcrlich auch von den antioxidativen und entz\u00fcndungshemmenden Eigenschaften dieses Naturprodukts sowie von einer sp\u00fcrbaren Linderung bei [&hellip;]<\/p>\n","protected":false},"featured_media":10829,"template":"","meta":[],"product_cat":[618,883,611],"product_tag":[],"_links":{"self":[{"href":"https:\/\/ecologicalfarming.ma\/index.php?rest_route=\/wp\/v2\/product\/10969"}],"collection":[{"href":"https:\/\/ecologicalfarming.ma\/index.php?rest_route=\/wp\/v2\/product"}],"about":[{"href":"https:\/\/ecologicalfarming.ma\/index.php?rest_route=\/wp\/v2\/types\/product"}],"wp:featuredmedia":[{"embeddable":true,"href":"https:\/\/ecologicalfarming.ma\/index.php?rest_route=\/wp\/v2\/media\/10829"}],"wp:attachment":[{"href":"https:\/\/ecologicalfarming.ma\/index.php?rest_route=%2Fwp%2Fv2%2Fmedia&parent=10969"}],"wp:term":[{"taxonomy":"product_cat","embeddable":true,"href":"https:\/\/ecologicalfarming.ma\/index.php?rest_route=%2Fwp%2Fv2%2Fproduct_cat&post=10969"},{"taxonomy":"product_tag","embeddable":true,"href":"https:\/\/ecologicalfarming.ma\/index.php?rest_route=%2Fwp%2Fv2%2Fproduct_tag&post=10969"}],"curies":[{"name":"wp","href":"https:\/\/api.w.org\/{rel}","templated":true}]}}