{"id":10662,"date":"2021-08-31T19:12:10","date_gmt":"2021-08-31T19:12:10","guid":{"rendered":"https:\/\/ecologicalfarming.ma\/?post_type=product&#038;p=10662"},"modified":"2021-09-12T20:28:34","modified_gmt":"2021-09-12T20:28:34","slug":"naturliches-haarshampoo-bio-kokosol-bio-kokosnuss-bio-honig","status":"publish","type":"product","link":"https:\/\/ecologicalfarming.ma\/?product=naturliches-haarshampoo-bio-kokosol-bio-kokosnuss-bio-honig","title":{"rendered":"<br><span style=\"color: #470796;\"><p>SHAMPOING 4<\/p><\/span> <span style=\"color: #ff00a6;\"><p>KOKOSNUSS <\/p><\/span><span style=\"color: #944a4f;\">Volumen : 200ml<\/span>"},"content":{"rendered":"<p><span style=\"color: #470796;\">SHAMPOING 4 :<\/span> <span style=\"color: #fb068b;\">KOKOSNUSS<\/span><\/p>\n<ul>\n<li>BIO-KOKOS\u00d6L<\/li>\n<li>BIO-KOKOSNUSS<\/li>\n<li>BIO-HONIG<\/li>\n<\/ul>\n<p>\u2666 OHNE SULFATE<br \/>\n\u2666 OHNE SILIKATE<br \/>\n\u2666 OHNE PARABENE<\/p>\n<p><span style=\"color: #470796;\"><span style=\"color: #333333;\">Unser <\/span>NAT\u00dcRLICHES HAARSHAMPOO 4 <span style=\"color: #333333;\">ist ein frisch auf Bestellung handgefertigte Kreation von h\u00f6chster Qualit\u00e4t auf Basis von <\/span><\/span><span style=\"color: #470796;\"><span style=\"color: #fb068b;\">BIO-Kokos\u00f6l, BIO-Kokosnuss und BIOHonig <\/span><\/span>ohne Sulfate, Silikate, Parabene und Konservierungsstoffe.<br \/>\nDieses nat\u00fcrliche Haarshampoo versorgt Ihre Haare mit vitalen N\u00e4hrstoffen und Feuchtigkeit, st\u00e4rkt die Haarwurzeln und stimuliert den Haarwuchs. Dabei profitieren Sie nat\u00fcrlich auch von den reparierenden und wohltuenden Eigenschaften des Kokos\u00f6ls.<\/p>\n","protected":false},"excerpt":{"rendered":"<p>SHAMPOING \u00c0 L&#8217;HUILE\u00a0 NOIX DE COCO ET MIEL BIO<\/p>\n","protected":false},"featured_media":10667,"template":"","meta":[],"product_cat":[750],"product_tag":[],"_links":{"self":[{"href":"https:\/\/ecologicalfarming.ma\/index.php?rest_route=\/wp\/v2\/product\/10662"}],"collection":[{"href":"https:\/\/ecologicalfarming.ma\/index.php?rest_route=\/wp\/v2\/product"}],"about":[{"href":"https:\/\/ecologicalfarming.ma\/index.php?rest_route=\/wp\/v2\/types\/product"}],"wp:featuredmedia":[{"embeddable":true,"href":"https:\/\/ecologicalfarming.ma\/index.php?rest_route=\/wp\/v2\/media\/10667"}],"wp:attachment":[{"href":"https:\/\/ecologicalfarming.ma\/index.php?rest_route=%2Fwp%2Fv2%2Fmedia&parent=10662"}],"wp:term":[{"taxonomy":"product_cat","embeddable":true,"href":"https:\/\/ecologicalfarming.ma\/index.php?rest_route=%2Fwp%2Fv2%2Fproduct_cat&post=10662"},{"taxonomy":"product_tag","embeddable":true,"href":"https:\/\/ecologicalfarming.ma\/index.php?rest_route=%2Fwp%2Fv2%2Fproduct_tag&post=10662"}],"curies":[{"name":"wp","href":"https:\/\/api.w.org\/{rel}","templated":true}]}}