{"id":10661,"date":"2021-08-31T19:11:43","date_gmt":"2021-08-31T19:11:43","guid":{"rendered":"https:\/\/ecologicalfarming.ma\/?post_type=product&#038;p=10661"},"modified":"2021-09-01T01:46:55","modified_gmt":"2021-09-01T01:46:55","slug":"naturliches-haarshampoo-bio-lavendelol-bio-lavendelbluten","status":"publish","type":"product","link":"https:\/\/ecologicalfarming.ma\/?product=naturliches-haarshampoo-bio-lavendelol-bio-lavendelbluten","title":{"rendered":"<br><span style=\"color: #470796;\"><p>SHAMPOING 5 <\/p><\/span> <span style=\"color: #ff00a6;\"><p>BIO-LAVENDEL<\/span><\/p> <span style=\"color: #944a4f;\">Volumen : 200ml<\/span>"},"content":{"rendered":"<p><span style=\"color: #470796;\">SHAMPOING 5 :<\/span> <span style=\"color: #fb068b;\">LAVENDEL<\/span><\/p>\n<ul>\n<li>BIO-LAVENDEL\u00d6L<\/li>\n<li>BIO-LAVENDELBL\u00dcTEN<\/li>\n<\/ul>\n<p>\u2666 OHNE SULFATE<br \/>\n\u2666 OHNE SILIKONE<br \/>\n\u2666 OHNE PARABENE<\/p>\n<p><span style=\"color: #470796;\"><span style=\"color: #333333;\">Unser <\/span>NAT\u00dcRLICHES HAARSHAMPOO 5 <span style=\"color: #333333;\">ist ein frisch auf Bestellung handgefertigte Kreation von h\u00f6chster Qualit\u00e4t auf Basis von <\/span><\/span><span style=\"color: #470796;\"><span style=\"color: #fb068b;\">BIO-Lavendel\u00f6l und BIOLavendelbl\u00fcten <\/span><\/span>ohne Sulfate, Silikone, Parabene und Konservierungsstoffe.<br \/>\nDieses nat\u00fcrliche Haarshampoo versorgt Ihre Haare mit vitalen N\u00e4hrstoffen und Feuchtigkeit, st\u00e4rkt die Haarwurzeln und stimuliert den Haarwuchs.<br \/>\nDabei profitieren Sie nat\u00fcrlich auch von einer effektiven antibakteriellen Wirkung des Lavendel\u00f6ls und dessen exzellenten Regeneration der nat\u00fcrlich sch\u00fctzenden Hautfettschicht Ihrer Kopfhaut.<\/p>\n","protected":false},"excerpt":{"rendered":"<p>SHAMPOING 5 : LAVENDEL BIO-LAVENDEL\u00d6L BIO-LAVENDELBL\u00dcTEN \u2666 OHNE SULFATE \u2666 OHNE SILIKONE \u2666 OHNE PARABENE Unser NAT\u00dcRLICHES HAARSHAMPOO 5 ist ein frisch auf Bestellung handgefertigte Kreation von h\u00f6chster Qualit\u00e4t auf Basis von BIO-Lavendel\u00f6l und BIOLavendelbl\u00fcten ohne Sulfate, Silikone, Parabene und Konservierungsstoffe. Dieses nat\u00fcrliche Haarshampoo versorgt Ihre Haare mit vitalen N\u00e4hrstoffen und Feuchtigkeit, st\u00e4rkt die Haarwurzeln [&hellip;]<\/p>\n","protected":false},"featured_media":10677,"template":"","meta":[],"product_cat":[750],"product_tag":[],"_links":{"self":[{"href":"https:\/\/ecologicalfarming.ma\/index.php?rest_route=\/wp\/v2\/product\/10661"}],"collection":[{"href":"https:\/\/ecologicalfarming.ma\/index.php?rest_route=\/wp\/v2\/product"}],"about":[{"href":"https:\/\/ecologicalfarming.ma\/index.php?rest_route=\/wp\/v2\/types\/product"}],"wp:featuredmedia":[{"embeddable":true,"href":"https:\/\/ecologicalfarming.ma\/index.php?rest_route=\/wp\/v2\/media\/10677"}],"wp:attachment":[{"href":"https:\/\/ecologicalfarming.ma\/index.php?rest_route=%2Fwp%2Fv2%2Fmedia&parent=10661"}],"wp:term":[{"taxonomy":"product_cat","embeddable":true,"href":"https:\/\/ecologicalfarming.ma\/index.php?rest_route=%2Fwp%2Fv2%2Fproduct_cat&post=10661"},{"taxonomy":"product_tag","embeddable":true,"href":"https:\/\/ecologicalfarming.ma\/index.php?rest_route=%2Fwp%2Fv2%2Fproduct_tag&post=10661"}],"curies":[{"name":"wp","href":"https:\/\/api.w.org\/{rel}","templated":true}]}}