{"id":10448,"date":"2021-08-14T23:58:52","date_gmt":"2021-08-14T23:58:52","guid":{"rendered":"https:\/\/ecologicalfarming.ma\/?post_type=product&#038;p=10448"},"modified":"2021-08-16T18:15:26","modified_gmt":"2021-08-16T18:15:26","slug":"60ml-bio-kemoel","status":"publish","type":"product","link":"https:\/\/ecologicalfarming.ma\/?product=60ml-bio-kemoel","title":{"rendered":"<br><span style=\"color: #4e07a6;\"><p>KOSMETISCHES \u00d6L 4<\/span><\/p><span style=\"color: #ff00a6;\"><p>BIO-KEIM\u00d6L<\/span><\/p> <span style=\"color: #944a4f;\">Volumen : 60ml<\/span>"},"content":{"rendered":"<p><span style=\"color: #470796;\">KOSMETISCHES \u00d6L 4 : <\/span><span style=\"color: #fb068b;\">BIO-KEIM\u00d6L<\/span><\/p>\n<p>\u2666 100% BIO-KEM\u00d6L<br \/>\n\u2666 HAAR<br \/>\n\u2666 OHNE ZUSATZSTOFFE<br \/>\n\u2666 OHNE KONSERVIERUNGSSTOFFE<\/p>\n<p>Unser <span style=\"color: #470796;\">BIO-RIZINUS\u00d6L <\/span>ist ein frisch auf Bestellung handgefertigtes kosmetisches \u00d6l von h\u00f6chster Qualit\u00e4t auf Basis von <span style=\"color: #fb068b;\">Keimlingen biologischen Ursprungs.<span style=\"color: #333333;\">\u00a0<\/span><\/span><br \/>\nDieses naturbelassene Produkt reinigt, pflegt und sch\u00fctzt Ihre Haare in jeder Jahreszeit und f\u00f6rdert deren Regeneration und nat\u00fcrliche Heilung.<\/p>\n","protected":false},"excerpt":{"rendered":"<p>KOSMETISCHES \u00d6L 4 : BIO-KEIM\u00d6L \u2666 100% BIO-KEM\u00d6L \u2666 HAAR \u2666 OHNE ZUSATZSTOFFE \u2666 OHNE KONSERVIERUNGSSTOFFE Unser BIO-RIZINUS\u00d6L ist ein frisch auf Bestellung handgefertigtes kosmetisches \u00d6l von h\u00f6chster Qualit\u00e4t auf Basis von Keimlingen biologischen Ursprungs.\u00a0 Dieses naturbelassene Produkt reinigt, pflegt und sch\u00fctzt Ihre Haare in jeder Jahreszeit und f\u00f6rdert deren Regeneration und nat\u00fcrliche Heilung.<\/p>\n","protected":false},"featured_media":7314,"template":"","meta":[],"product_cat":[853,852,851,612],"product_tag":[],"_links":{"self":[{"href":"https:\/\/ecologicalfarming.ma\/index.php?rest_route=\/wp\/v2\/product\/10448"}],"collection":[{"href":"https:\/\/ecologicalfarming.ma\/index.php?rest_route=\/wp\/v2\/product"}],"about":[{"href":"https:\/\/ecologicalfarming.ma\/index.php?rest_route=\/wp\/v2\/types\/product"}],"wp:featuredmedia":[{"embeddable":true,"href":"https:\/\/ecologicalfarming.ma\/index.php?rest_route=\/wp\/v2\/media\/7314"}],"wp:attachment":[{"href":"https:\/\/ecologicalfarming.ma\/index.php?rest_route=%2Fwp%2Fv2%2Fmedia&parent=10448"}],"wp:term":[{"taxonomy":"product_cat","embeddable":true,"href":"https:\/\/ecologicalfarming.ma\/index.php?rest_route=%2Fwp%2Fv2%2Fproduct_cat&post=10448"},{"taxonomy":"product_tag","embeddable":true,"href":"https:\/\/ecologicalfarming.ma\/index.php?rest_route=%2Fwp%2Fv2%2Fproduct_tag&post=10448"}],"curies":[{"name":"wp","href":"https:\/\/api.w.org\/{rel}","templated":true}]}}