{"id":10441,"date":"2021-08-14T23:24:05","date_gmt":"2021-08-14T23:24:05","guid":{"rendered":"https:\/\/ecologicalfarming.ma\/?post_type=product&#038;p=10441"},"modified":"2021-08-15T23:49:13","modified_gmt":"2021-08-15T23:49:13","slug":"60ml-bio-oele-serum","status":"publish","type":"product","link":"https:\/\/ecologicalfarming.ma\/?product=60ml-bio-oele-serum","title":{"rendered":"<br><span style=\"color: #4e07a6;\"><p>KOSMETISCHES \u00d6L 7 <\/span><\/p><span style=\"color: #ff00a6;\"><p> BIO-\u00d6LE-SERUM<\/span><\/p> <span style=\"color: #944a4f;\">Volumen : 60ml<\/span>"},"content":{"rendered":"<p><span style=\"color: #470796;\">KOSMETISCHES \u00d6L 7 : <\/span><span style=\"color: #fb068b;\">BIO-\u00d6LE-SERUM<\/span><\/p>\n<p>\u2666 100% BIO-KEM\u00d6L<br \/>\n\u2666 HAARE<br \/>\n\u2666 OHNE ZUSATZSTOFFE<br \/>\n\u2666 OHNE KONSERVIERUNGSSTOFFE<\/p>\n<p>Unser <span style=\"color: #470796;\">\u00a0BIO-\u00d6LE-SERUML <\/span>ist ein frisch auf Bestellung handgefertigtes kosmetisches \u00d6l von h\u00f6chster Qualit\u00e4t auf Basis von <span style=\"color: #fb068b;\">kosmetischen \u00d6len biologischen Ursprungs.<\/span><br \/>\nDieses naturbelassene \u00d6le-Serum ist ein wahres Sch\u00f6nheitselixier an kostbaren \u00d6len, die Ihre Haare und Kopfhaut in jeder Jahreszeit<br \/>\nsanft reinigen, mit Feuchtigkeit und essentiellen N\u00e4hrstoffen versorgen und ihren Haaren einen nat\u00fcrlichen Glanz verleihen. Zahlreiche Vitalstoffe und ein hohes Gehalt an Omega-3 und Omega-6 Fetts\u00e4uren sch\u00fctzen Ihre Haare vor Trockenheit und Umwelteinfl\u00fcssen.<\/p>\n","protected":false},"excerpt":{"rendered":"<p>KOSMETISCHES \u00d6L 7 : BIO-\u00d6LE-SERUM \u2666 100% BIO-KEM\u00d6L \u2666 HAARE \u2666 OHNE ZUSATZSTOFFE \u2666 OHNE KONSERVIERUNGSSTOFFE Unser \u00a0BIO-\u00d6LE-SERUML ist ein frisch auf Bestellung handgefertigtes kosmetisches \u00d6l von h\u00f6chster Qualit\u00e4t auf Basis von kosmetischen \u00d6len biologischen Ursprungs. Dieses naturbelassene \u00d6le-Serum ist ein wahres Sch\u00f6nheitselixier an kostbaren \u00d6len, die Ihre Haare und Kopfhaut in jeder Jahreszeit sanft [&hellip;]<\/p>\n","protected":false},"featured_media":0,"template":"","meta":[],"product_cat":[853,852,851],"product_tag":[],"_links":{"self":[{"href":"https:\/\/ecologicalfarming.ma\/index.php?rest_route=\/wp\/v2\/product\/10441"}],"collection":[{"href":"https:\/\/ecologicalfarming.ma\/index.php?rest_route=\/wp\/v2\/product"}],"about":[{"href":"https:\/\/ecologicalfarming.ma\/index.php?rest_route=\/wp\/v2\/types\/product"}],"wp:attachment":[{"href":"https:\/\/ecologicalfarming.ma\/index.php?rest_route=%2Fwp%2Fv2%2Fmedia&parent=10441"}],"wp:term":[{"taxonomy":"product_cat","embeddable":true,"href":"https:\/\/ecologicalfarming.ma\/index.php?rest_route=%2Fwp%2Fv2%2Fproduct_cat&post=10441"},{"taxonomy":"product_tag","embeddable":true,"href":"https:\/\/ecologicalfarming.ma\/index.php?rest_route=%2Fwp%2Fv2%2Fproduct_tag&post=10441"}],"curies":[{"name":"wp","href":"https:\/\/api.w.org\/{rel}","templated":true}]}}