{"id":10438,"date":"2021-08-14T23:14:29","date_gmt":"2021-08-14T23:14:29","guid":{"rendered":"https:\/\/ecologicalfarming.ma\/?post_type=product&#038;p=10438"},"modified":"2021-08-23T22:37:25","modified_gmt":"2021-08-23T22:37:25","slug":"35ml-cbio-knoblachoel","status":"publish","type":"product","link":"https:\/\/ecologicalfarming.ma\/?product=35ml-cbio-knoblachoel","title":{"rendered":"<br><span style=\"color: #4e07a6;\"><p>KOSMETISCHES \u00d6L 9<\/span><\/p><span style=\"color: #ff00a6;\"><p>BIO-KNOBLAUCH\u00d6L<\/span><\/p> <span style=\"color: #944a4f;\">Volumen : 35ml<\/span>"},"content":{"rendered":"<p><span style=\"color: #470796;\">KOSMETISCHES \u00d6L 9 : <\/span><span style=\"color: #fb068b;\">BIO-KNOBLAUCH\u00d6L<\/span><\/p>\n<p>\u2666 100% BIO-KNOBLAUCH\u00d6L<br \/>\n\u2666 HAARE<br \/>\n\u2666 OHNE ZUSATZSTOFFE<br \/>\n\u2666 OHNE KONSERVIERUNGSSTOFFE<\/p>\n<p>Unser <span style=\"color: #470796;\">\u00a0BIO-KNOBLAUCH\u00d6L <\/span>ist ein frisch auf Bestellung handgefertigtes kosmetisches \u00d6l von h\u00f6chster Qualit\u00e4t auf Basis vom <span style=\"color: #fb068b;\">Knoblauch biologischenUrsprungs.<\/span><br \/>\nDieses naturbelassene Produkt eignet sich f\u00fcr eine gesunde und nachhaltige Pflege Ihrer Haare und Ihrer Haarwurzeln, f\u00f6rdert deren Regeneration und sch\u00fctzt gegen Haarausfall.<\/p>\n","protected":false},"excerpt":{"rendered":"<p>KOSMETISCHES \u00d6L 9 : BIO-KNOBLAUCH\u00d6L \u2666 100% BIO-KNOBLAUCH\u00d6L \u2666 HAARE \u2666 OHNE ZUSATZSTOFFE \u2666 OHNE KONSERVIERUNGSSTOFFE Unser \u00a0BIO-KNOBLAUCH\u00d6L ist ein frisch auf Bestellung handgefertigtes kosmetisches \u00d6l von h\u00f6chster Qualit\u00e4t auf Basis vom Knoblauch biologischenUrsprungs. Dieses naturbelassene Produkt eignet sich f\u00fcr eine gesunde und nachhaltige Pflege Ihrer Haare und Ihrer Haarwurzeln, f\u00f6rdert deren Regeneration und sch\u00fctzt [&hellip;]<\/p>\n","protected":false},"featured_media":7333,"template":"","meta":[],"product_cat":[853,852,851],"product_tag":[],"_links":{"self":[{"href":"https:\/\/ecologicalfarming.ma\/index.php?rest_route=\/wp\/v2\/product\/10438"}],"collection":[{"href":"https:\/\/ecologicalfarming.ma\/index.php?rest_route=\/wp\/v2\/product"}],"about":[{"href":"https:\/\/ecologicalfarming.ma\/index.php?rest_route=\/wp\/v2\/types\/product"}],"wp:featuredmedia":[{"embeddable":true,"href":"https:\/\/ecologicalfarming.ma\/index.php?rest_route=\/wp\/v2\/media\/7333"}],"wp:attachment":[{"href":"https:\/\/ecologicalfarming.ma\/index.php?rest_route=%2Fwp%2Fv2%2Fmedia&parent=10438"}],"wp:term":[{"taxonomy":"product_cat","embeddable":true,"href":"https:\/\/ecologicalfarming.ma\/index.php?rest_route=%2Fwp%2Fv2%2Fproduct_cat&post=10438"},{"taxonomy":"product_tag","embeddable":true,"href":"https:\/\/ecologicalfarming.ma\/index.php?rest_route=%2Fwp%2Fv2%2Fproduct_tag&post=10438"}],"curies":[{"name":"wp","href":"https:\/\/api.w.org\/{rel}","templated":true}]}}