{"id":10437,"date":"2021-08-14T23:13:24","date_gmt":"2021-08-14T23:13:24","guid":{"rendered":"https:\/\/ecologicalfarming.ma\/?post_type=product&#038;p=10437"},"modified":"2021-08-23T22:33:53","modified_gmt":"2021-08-23T22:33:53","slug":"60ml-bio-weizenkeimoel","status":"publish","type":"product","link":"https:\/\/ecologicalfarming.ma\/?product=60ml-bio-weizenkeimoel","title":{"rendered":"<br><span style=\"color: #4e07a6;\"><p>KOSMETISCHES \u00d6L 3<\/span><\/p><span style=\"color: #ff00a6;\"><p>BIO-WEIZENKEIM\u00d6L<\/span><\/p> <span style=\"color: #944a4f;\">Volumen : 60ml<\/span>"},"content":{"rendered":"<p><span style=\"color: #470796;\">KOSMETISCHES \u00d6L 3 : <\/span><span style=\"color: #fb068b;\">BIO-WEIZENKEIM\u00d6L<\/span><\/p>\n<p>\u2666 100% BIO-WEIZENKEIM\u00d6L<br \/>\n\u2666 GESICHT &#8211; K\u00d6RPER &#8211; HAARE<br \/>\n\u2666 OHNE ZUSATZSTOFFE<br \/>\n\u2666 OHNE KONSERVIERUNGSSTOFFE<\/p>\n<p>Unser <span style=\"color: #470796;\">BIO-MANDEL\u00d6L<\/span> ist ein frisch auf Bestellung handgefertigtes kosmetisches \u00d6l von <span style=\"color: #fb068b;\">h\u00f6chster Qualit\u00e4t auf Basis vom Weizen biologischen Ursprungs.<\/span><br \/>\nDieses naturbelassene Produkt reinigt, pflegt und sch\u00fctzt Ihre Haare und Ihre Haut in jeder Jahreszeit und f\u00f6rdert deren Regeneration und nat\u00fcrliche Heilung.<\/p>\n","protected":false},"excerpt":{"rendered":"<p>KOSMETISCHES \u00d6L 3 : BIO-WEIZENKEIM\u00d6L \u2666 100% BIO-WEIZENKEIM\u00d6L \u2666 GESICHT &#8211; K\u00d6RPER &#8211; HAARE \u2666 OHNE ZUSATZSTOFFE \u2666 OHNE KONSERVIERUNGSSTOFFE Unser BIO-MANDEL\u00d6L ist ein frisch auf Bestellung handgefertigtes kosmetisches \u00d6l von h\u00f6chster Qualit\u00e4t auf Basis vom Weizen biologischen Ursprungs. Dieses naturbelassene Produkt reinigt, pflegt und sch\u00fctzt Ihre Haare und Ihre Haut in jeder Jahreszeit und [&hellip;]<\/p>\n","protected":false},"featured_media":7336,"template":"","meta":[],"product_cat":[865,853,852,851],"product_tag":[],"_links":{"self":[{"href":"https:\/\/ecologicalfarming.ma\/index.php?rest_route=\/wp\/v2\/product\/10437"}],"collection":[{"href":"https:\/\/ecologicalfarming.ma\/index.php?rest_route=\/wp\/v2\/product"}],"about":[{"href":"https:\/\/ecologicalfarming.ma\/index.php?rest_route=\/wp\/v2\/types\/product"}],"wp:featuredmedia":[{"embeddable":true,"href":"https:\/\/ecologicalfarming.ma\/index.php?rest_route=\/wp\/v2\/media\/7336"}],"wp:attachment":[{"href":"https:\/\/ecologicalfarming.ma\/index.php?rest_route=%2Fwp%2Fv2%2Fmedia&parent=10437"}],"wp:term":[{"taxonomy":"product_cat","embeddable":true,"href":"https:\/\/ecologicalfarming.ma\/index.php?rest_route=%2Fwp%2Fv2%2Fproduct_cat&post=10437"},{"taxonomy":"product_tag","embeddable":true,"href":"https:\/\/ecologicalfarming.ma\/index.php?rest_route=%2Fwp%2Fv2%2Fproduct_tag&post=10437"}],"curies":[{"name":"wp","href":"https:\/\/api.w.org\/{rel}","templated":true}]}}