{"id":426,"date":"2019-06-27T10:22:45","date_gmt":"2019-06-27T10:22:45","guid":{"rendered":"https:\/\/ecologicalfarming.ma\/?page_id=426"},"modified":"2021-08-12T00:04:58","modified_gmt":"2021-08-12T00:04:58","slug":"services-pro","status":"publish","type":"page","link":"https:\/\/ecologicalfarming.ma\/?page_id=426","title":{"rendered":"SERVICES PROFESSIONNEL"},"content":{"rendered":"<p>[vc_row][vc_column][vc_custom_heading text=&#8221;VOUS \u00caTES UN PROFESSIONNEL ?&#8221; font_container=&#8221;tag:h5|text_align:center|color:%2330c687&#8243; google_fonts=&#8221;font_family:Raleway%3A100%2C200%2C300%2Cregular%2C500%2C600%2C700%2C800%2C900|font_style:700%20bold%20regular%3A700%3Anormal&#8221;][vc_custom_heading text=&#8221;Vous \u00eates un prescripteur ou une entreprise ? D\u00e9couvrez notre Service Pro ou contactez directement un conseiller via notre formulaire de contact&#8221; font_container=&#8221;tag:h2|font_size:15|text_align:center|color:%23000000&#8243; google_fonts=&#8221;font_family:Raleway%3A100%2C200%2C300%2Cregular%2C500%2C600%2C700%2C800%2C900|font_style:600%20bold%20regular%3A600%3Anormal&#8221;][vc_row_inner css=&#8221;.vc_custom_1563466526762{margin-right: 100px !important;margin-left: 100px !important;background-color: #f84780 !important;border-radius: 3px !important;}&#8221; el_class=&#8221;le-nav-menu-row&#8221; el_id=&#8221;mobilemargin10&#8243;][vc_column_inner el_class=&#8221;le-nav-menu firstt&#8221; width=&#8221;1\/4&#8243; el_id=&#8221;wiiidth&#8221;][vc_column_text]<i class=\"fas fa-comments\"><\/i>\u00a0CONSEIL[\/vc_column_text][\/vc_column_inner][vc_column_inner el_class=&#8221;le-nav-menu&#8221; width=&#8221;1\/4&#8243; el_id=&#8221;wiiidth&#8221;][vc_column_text]<i class=\"far fa-calendar-check\"><\/i> PRENDRE UN RDV[\/vc_column_text][\/vc_column_inner][vc_column_inner el_class=&#8221;le-nav-menu&#8221; width=&#8221;1\/4&#8243; el_id=&#8221;wiiidth&#8221;][vc_column_text]<i class=\"fas fa-comments\"><\/i> CONTACTER UN EXPERT[\/vc_column_text][\/vc_column_inner][vc_column_inner el_class=&#8221;le-nav-menu&#8221; width=&#8221;1\/4&#8243; el_id=&#8221;wiiidth&#8221;][vc_column_text]<i class=\"far fa-file-alt\"><\/i> DEMANDER UN DEVIS[\/vc_column_text][\/vc_column_inner][\/vc_row_inner][vc_row_inner css=&#8221;.vc_custom_1563466532832{margin-top: 30px !important;margin-right: 100px !important;margin-left: 100px !important;}&#8221; el_id=&#8221;mobilemargin10&#8243;][vc_column_inner el_class=&#8221;leftside&#8221; width=&#8221;1\/2&#8243; css=&#8221;.vc_custom_1566552610054{margin-top: -14px !important;padding-right: 20px !important;}&#8221;][vc_custom_heading text=&#8221;OBTENIR UN CONSEIL&#8221; font_container=&#8221;tag:h2|font_size:15|text_align:left|color:%2339c88c&#8221; google_fonts=&#8221;font_family:Raleway%3A100%2C200%2C300%2Cregular%2C500%2C600%2C700%2C800%2C900|font_style:500%20bold%20regular%3A500%3Anormal&#8221; el_class=&#8221;underlined-tt&#8221;][vc_column_text css=&#8221;.vc_custom_1627718903281{margin-bottom: -6px !important;}&#8221;]Vous souhaitez prendre contact avec nous directement par<\/p>\n<p><img loading=\"lazy\" decoding=\"async\" class=\"alignnone size-full wp-image-342\" src=\"https:\/\/ecologicalfarming.ma\/wp-content\/uploads\/2019\/06\/a.png\" alt=\"\" width=\"30\" height=\"26\" \/><span style=\"color: #1b6291; font-weight: 600;\">Par T\u00e9l\u00e9phone :<\/span> +(212) 6 71 92 97 83<br \/>\n<img loading=\"lazy\" decoding=\"async\" class=\"alignnone size-full wp-image-343\" src=\"https:\/\/ecologicalfarming.ma\/wp-content\/uploads\/2019\/06\/b.png\" alt=\"\" width=\"33\" height=\"25\" srcset=\"https:\/\/ecologicalfarming.ma\/wp-content\/uploads\/2019\/06\/b.png 33w, https:\/\/ecologicalfarming.ma\/wp-content\/uploads\/2019\/06\/b-800x600.png 800w\" sizes=\"(max-width: 33px) 100vw, 33px\" \/><span style=\"color: #1b6291; font-weight: 600;\">Par e-mail :<\/span> <span style=\"color: #f8578c; font-weight: 500;\">welcome@ecologicalfarming.ma<\/span><\/p>\n<ul>\n<li>Du lundi au samedi de 9h00 \u00e0 17h00.<\/li>\n<li>Dimanche de 10h \u00e0 1h<\/li>\n<\/ul>\n<p>[\/vc_column_text][vc_custom_heading text=&#8221;PRENDRE UN RDV&#8221; font_container=&#8221;tag:h2|font_size:15|text_align:left|color:%2339c88c&#8221; google_fonts=&#8221;font_family:Raleway%3A100%2C200%2C300%2Cregular%2C500%2C600%2C700%2C800%2C900|font_style:500%20bold%20regular%3A500%3Anormal&#8221; el_class=&#8221;underlined-tt&#8221;][vc_column_text css=&#8221;.vc_custom_1627718979319{margin-bottom: -6px !important;}&#8221;]Demandez un RDV t\u00e9l\u00e9phonique ou physique (\u00e0 Marakech) afin d&#8217;\u00e9changer sur vos projets<br \/>\nEchanger par t\u00e9l\u00e9phone sur votre projet (RDV gratuit) Rencontrer notre conseiller :<\/p>\n<p><img loading=\"lazy\" decoding=\"async\" class=\"alignnone size-full wp-image-342\" src=\"https:\/\/ecologicalfarming.ma\/wp-content\/uploads\/2019\/06\/a.png\" alt=\"\" width=\"30\" height=\"26\" \/><span style=\"color: #1b6291; font-weight: 600;\">Par T\u00e9l\u00e9phone :<\/span> +(212) 6 71 92 97 83[\/vc_column_text][vc_custom_heading text=&#8221;CHATTER AVEC UN EXPERT&#8221; font_container=&#8221;tag:h2|font_size:15|text_align:left|color:%2339c88c&#8221; google_fonts=&#8221;font_family:Raleway%3A100%2C200%2C300%2Cregular%2C500%2C600%2C700%2C800%2C900|font_style:500%20bold%20regular%3A500%3Anormal&#8221; el_class=&#8221;underlined-tt&#8221;][vc_column_text css=&#8221;.vc_custom_1627719015760{margin-bottom: -6px !important;}&#8221;]Chattez directement avec l&#8217;un de nos experts.<br \/>\n<img loading=\"lazy\" decoding=\"async\" class=\"alignnone size-full wp-image-345\" src=\"https:\/\/ecologicalfarming.ma\/wp-content\/uploads\/2019\/06\/d.png\" alt=\"\" width=\"28\" height=\"29\" \/>whatsapp\u00a0 \u00a0+(212) 6 71 92 97 83<br \/>\n<img loading=\"lazy\" decoding=\"async\" class=\"alignnone size-full wp-image-346\" src=\"https:\/\/ecologicalfarming.ma\/wp-content\/uploads\/2019\/06\/E.png\" alt=\"\" width=\"28\" height=\"26\" \/>skype\u00a0 \u00a0ECOLOGICAL FARMING[\/vc_column_text][\/vc_column_inner][vc_column_inner el_class=&#8221;rightside&#8221; width=&#8221;1\/2&#8243;]<div class=\"wpcf7 no-js\" id=\"wpcf7-f430-o1\" lang=\"en-US\" dir=\"ltr\">\n<div class=\"screen-reader-response\"><p role=\"status\" aria-live=\"polite\" aria-atomic=\"true\"><\/p> <ul><\/ul><\/div>\n<form action=\"\/index.php?rest_route=%2Fwp%2Fv2%2Fpages%2F426#wpcf7-f430-o1\" method=\"post\" class=\"wpcf7-form init\" aria-label=\"Contact form\" novalidate=\"novalidate\" data-status=\"init\">\n<div style=\"display: none;\">\n<input type=\"hidden\" name=\"_wpcf7\" value=\"430\" \/>\n<input type=\"hidden\" name=\"_wpcf7_version\" value=\"5.7.2\" \/>\n<input type=\"hidden\" name=\"_wpcf7_locale\" value=\"en_US\" \/>\n<input type=\"hidden\" name=\"_wpcf7_unit_tag\" value=\"wpcf7-f430-o1\" \/>\n<input type=\"hidden\" name=\"_wpcf7_container_post\" value=\"0\" \/>\n<input type=\"hidden\" name=\"_wpcf7_posted_data_hash\" value=\"\" \/>\n<\/div>\n<h3 style=\"text-align: center;color: #F84A82;font-size: 15px;font-family: raleway;\">FORMULAIRE DE CONTACT\n<\/h3>\n<div style=\"margin-top:-18px;text-align:center\">\n\t<p><img decoding=\"async\" class=\"alignnone size-full wp-image-342\" src=\"https:\/\/ecologicalfarming.ma\/wp-content\/uploads\/2019\/08\/form-line.png\" alt=\"\" width=\"90%\" height=\"26\" \/>\n\t<\/p>\n<\/div>\n<P style=\"margin-bottom:0;font-size: 13px;font-weight: 600;text-align: center;\">Demandez votre devis en ligne et recevez la meilleure offre tarifaire sous 48h max.\n<\/p>\n<p>(Les champs en * sont obligatoires)\n<\/p>\n<div class=\"champs\">\n\t<p><label> Civili\u00e9 :<\/label><br \/>\n<span class=\"wpcf7-form-control-wrap\" data-name=\"menu-368\"><select class=\"wpcf7-form-control wpcf7-select\" aria-invalid=\"false\" name=\"menu-368\"><option value=\"Mr.\">Mr.<\/option><option value=\"Mme.\">Mme.<\/option><option value=\"Mlle.\">Mlle.<\/option><\/select><\/span>\n\t<\/p>\n<\/div>\n<div class=\"champs\">\n\t<p><label> Nom & Pr\u00e9nom* :<\/label><br \/>\n<span class=\"wpcf7-form-control-wrap\" data-name=\"your-name\"><input size=\"40\" class=\"wpcf7-form-control wpcf7-text wpcf7-validates-as-required\" aria-required=\"true\" aria-invalid=\"false\" value=\"\" type=\"text\" name=\"your-name\" \/><\/span>\n\t<\/p>\n<\/div>\n<div class=\"champs\">\n\t<p><label> Siret\/Siren :<\/label><br \/>\n<span class=\"wpcf7-form-control-wrap\" data-name=\"your-si\"><input size=\"40\" class=\"wpcf7-form-control wpcf7-text\" aria-invalid=\"false\" value=\"\" type=\"text\" name=\"your-si\" \/><\/span>\n\t<\/p>\n<\/div>\n<div class=\"champs\">\n\t<p><label> Soci\u00e9t\u00e9 :<\/label><br \/>\n<span class=\"wpcf7-form-control-wrap\" data-name=\"societe\"><input size=\"40\" class=\"wpcf7-form-control wpcf7-text wpcf7-validates-as-required\" aria-required=\"true\" aria-invalid=\"false\" value=\"\" type=\"text\" name=\"societe\" \/><\/span>\n\t<\/p>\n<\/div>\n<div class=\"champs\">\n\t<p><label> T\u00e9l\u00e9phone* :<\/label><br \/>\n<span class=\"wpcf7-form-control-wrap\" data-name=\"tel\"><input class=\"wpcf7-form-control wpcf7-number wpcf7-validates-as-required wpcf7-validates-as-number\" aria-required=\"true\" aria-invalid=\"false\" value=\"\" type=\"number\" name=\"tel\" \/><\/span>\n\t<\/p>\n<\/div>\n<div class=\"champs\">\n\t<p><label> Adressse* :<\/label><br \/>\n<span class=\"wpcf7-form-control-wrap\" data-name=\"adresse\"><input size=\"40\" class=\"wpcf7-form-control wpcf7-text wpcf7-validates-as-required\" aria-required=\"true\" aria-invalid=\"false\" value=\"\" type=\"text\" name=\"adresse\" \/><\/span>\n\t<\/p>\n<\/div>\n<div class=\"champs\">\n\t<p><label> Ville & Code Postal* :<\/label><br \/>\n<span class=\"wpcf7-form-control-wrap\" data-name=\"ville-code\"><input size=\"40\" class=\"wpcf7-form-control wpcf7-text wpcf7-validates-as-required\" aria-required=\"true\" aria-invalid=\"false\" value=\"\" type=\"text\" name=\"ville-code\" \/><\/span>\n\t<\/p>\n<\/div>\n<div class=\"champs\">\n\t<p><label> Adresse Email* :<\/label><br \/>\n<span class=\"wpcf7-form-control-wrap\" data-name=\"email\"><input size=\"40\" class=\"wpcf7-form-control wpcf7-text wpcf7-email wpcf7-validates-as-required wpcf7-validates-as-email\" aria-required=\"true\" aria-invalid=\"false\" value=\"\" type=\"email\" name=\"email\" \/><\/span>\n\t<\/p>\n<\/div>\n<div class=\"champs\">\n\t<p><label> Profession* :<\/label><br \/>\n<span class=\"wpcf7-form-control-wrap\" data-name=\"profession\"><input size=\"40\" class=\"wpcf7-form-control wpcf7-text wpcf7-validates-as-required\" aria-required=\"true\" aria-invalid=\"false\" value=\"\" type=\"text\" name=\"profession\" \/><\/span>\n\t<\/p>\n<\/div>\n<div class=\"champs\">\n\t<p><label> Votre demande* :<\/label><br \/>\n<span class=\"wpcf7-form-control-wrap\" data-name=\"your-message\"><textarea cols=\"40\" rows=\"10\" class=\"wpcf7-form-control wpcf7-textarea wpcf7-validates-as-required\" aria-required=\"true\" aria-invalid=\"false\" name=\"your-message\"><\/textarea><\/span>\n\t<\/p>\n<\/div>\n<p style=\"float:right\";><input class=\"wpcf7-form-control has-spinner wpcf7-submit\" type=\"submit\" value=\"Envoyer\" \/>\n<\/p><div class=\"wpcf7-response-output\" aria-hidden=\"true\"><\/div><\/form><\/div>[\/vc_column_inner][\/vc_row_inner][\/vc_column][\/vc_row]<\/p>\n","protected":false},"excerpt":{"rendered":"<p>[vc_row][vc_column][vc_custom_heading text=&#8221;VOUS \u00caTES UN PROFESSIONNEL ?&#8221; font_container=&#8221;tag:h5|text_align:center|color:%2330c687&#8243; google_fonts=&#8221;font_family:Raleway%3A100%2C200%2C300%2Cregular%2C500%2C600%2C700%2C800%2C900|font_style:700%20bold%20regular%3A700%3Anormal&#8221;][vc_custom_heading text=&#8221;Vous \u00eates un prescripteur ou une entreprise ? D\u00e9couvrez notre Service Pro ou contactez directement un conseiller via notre formulaire de contact&#8221; font_container=&#8221;tag:h2|font_size:15|text_align:center|color:%23000000&#8243; google_fonts=&#8221;font_family:Raleway%3A100%2C200%2C300%2Cregular%2C500%2C600%2C700%2C800%2C900|font_style:600%20bold%20regular%3A600%3Anormal&#8221;][vc_row_inner css=&#8221;.vc_custom_1563466526762{margin-right: 100px !important;margin-left: 100px !important;background-color: #f84780 !important;border-radius: 3px !important;}&#8221; el_class=&#8221;le-nav-menu-row&#8221; el_id=&#8221;mobilemargin10&#8243;][vc_column_inner el_class=&#8221;le-nav-menu firstt&#8221; width=&#8221;1\/4&#8243; el_id=&#8221;wiiidth&#8221;][vc_column_text]\u00a0CONSEIL[\/vc_column_text][\/vc_column_inner][vc_column_inner el_class=&#8221;le-nav-menu&#8221; width=&#8221;1\/4&#8243; el_id=&#8221;wiiidth&#8221;][vc_column_text] PRENDRE UN RDV[\/vc_column_text][\/vc_column_inner][vc_column_inner el_class=&#8221;le-nav-menu&#8221; width=&#8221;1\/4&#8243; [&hellip;]<\/p>\n","protected":false},"author":1,"featured_media":0,"parent":0,"menu_order":0,"comment_status":"closed","ping_status":"closed","template":"","meta":{"footnotes":""},"_links":{"self":[{"href":"https:\/\/ecologicalfarming.ma\/index.php?rest_route=\/wp\/v2\/pages\/426"}],"collection":[{"href":"https:\/\/ecologicalfarming.ma\/index.php?rest_route=\/wp\/v2\/pages"}],"about":[{"href":"https:\/\/ecologicalfarming.ma\/index.php?rest_route=\/wp\/v2\/types\/page"}],"author":[{"embeddable":true,"href":"https:\/\/ecologicalfarming.ma\/index.php?rest_route=\/wp\/v2\/users\/1"}],"replies":[{"embeddable":true,"href":"https:\/\/ecologicalfarming.ma\/index.php?rest_route=%2Fwp%2Fv2%2Fcomments&post=426"}],"version-history":[{"count":6,"href":"https:\/\/ecologicalfarming.ma\/index.php?rest_route=\/wp\/v2\/pages\/426\/revisions"}],"predecessor-version":[{"id":10052,"href":"https:\/\/ecologicalfarming.ma\/index.php?rest_route=\/wp\/v2\/pages\/426\/revisions\/10052"}],"wp:attachment":[{"href":"https:\/\/ecologicalfarming.ma\/index.php?rest_route=%2Fwp%2Fv2%2Fmedia&parent=426"}],"curies":[{"name":"wp","href":"https:\/\/api.w.org\/{rel}","templated":true}]}}